Last updated on 2017-12-20 00:47:06 CET.
Flavor | Version | Tinstall | Tcheck | Ttotal | Status | Flags |
---|---|---|---|---|---|---|
r-devel-linux-x86_64-debian-clang | 0.8 | 7.16 | 97.13 | 104.29 | NOTE | |
r-devel-linux-x86_64-debian-gcc | 0.8 | NOTE | ||||
r-devel-linux-x86_64-fedora-clang | 0.8 | 144.69 | NOTE | |||
r-devel-linux-x86_64-fedora-gcc | 0.8 | 145.00 | NOTE | |||
r-devel-windows-ix86+x86_64 | 0.8 | 16.00 | 106.00 | 122.00 | NOTE | |
r-patched-linux-x86_64 | 0.8 | 8.00 | 115.15 | 123.15 | NOTE | |
r-patched-solaris-x86 | 0.8 | 227.80 | NOTE | |||
r-release-linux-x86_64 | 0.8 | 8.00 | 114.32 | 122.32 | NOTE | |
r-release-windows-ix86+x86_64 | 0.8 | 18.00 | 115.00 | 133.00 | NOTE | |
r-release-osx-x86_64 | 0.8 | NOTE | ||||
r-oldrel-windows-ix86+x86_64 | 0.8 | 33.00 | 153.00 | 186.00 | NOTE | |
r-oldrel-osx-x86_64 | 0.8 | NOTE |
Version: 0.8
Check: R code for possible problems
Result: NOTE
BTLboost: no visible global function definition for ‘as.formula’
design: no visible global function definition for ‘as.formula’
wide2long: no visible global function definition for ‘reshape’
Undefined global functions or variables:
as.formula reshape
Consider adding
importFrom("stats", "as.formula", "reshape")
to your NAMESPACE file.
Flavors: r-devel-linux-x86_64-debian-clang, r-devel-linux-x86_64-debian-gcc, r-devel-linux-x86_64-fedora-clang, r-devel-linux-x86_64-fedora-gcc, r-devel-windows-ix86+x86_64, r-patched-linux-x86_64, r-patched-solaris-x86, r-release-linux-x86_64, r-release-windows-ix86+x86_64, r-release-osx-x86_64, r-oldrel-windows-ix86+x86_64, r-oldrel-osx-x86_64