Last updated on 2017-12-20 00:47:06 CET.
Flavor | Version | Tinstall | Tcheck | Ttotal | Status | Flags |
---|---|---|---|---|---|---|
r-devel-linux-x86_64-debian-clang | 1.0 | 2.91 | 37.36 | 40.27 | NOTE | |
r-devel-linux-x86_64-debian-gcc | 1.0 | NOTE | ||||
r-devel-linux-x86_64-fedora-clang | 1.0 | 62.43 | NOTE | |||
r-devel-linux-x86_64-fedora-gcc | 1.0 | 60.05 | NOTE | |||
r-devel-windows-ix86+x86_64 | 1.0 | 8.00 | 53.00 | 61.00 | NOTE | |
r-patched-linux-x86_64 | 1.0 | 3.71 | 45.94 | 49.65 | NOTE | |
r-patched-solaris-x86 | 1.0 | 101.00 | NOTE | |||
r-release-linux-x86_64 | 1.0 | 2.87 | 44.59 | 47.46 | NOTE | |
r-release-windows-ix86+x86_64 | 1.0 | 6.00 | 82.00 | 88.00 | NOTE | |
r-release-osx-x86_64 | 1.0 | NOTE | ||||
r-oldrel-windows-ix86+x86_64 | 1.0 | 9.00 | 66.00 | 75.00 | NOTE | |
r-oldrel-osx-x86_64 | 1.0 | NOTE |
Version: 1.0
Check: R code for possible problems
Result: NOTE
paf: no visible global function definition for ‘as.formula’
paf: no visible global function definition for ‘model.response’
paf: no visible global function definition for ‘model.frame’
paf: no visible global function definition for ‘model.matrix’
plot.paf: no visible global function definition for ‘plot’
plot.paf: no visible global function definition for ‘lines’
Undefined global functions or variables:
as.formula lines model.frame model.matrix model.response plot
Consider adding
importFrom("graphics", "lines", "plot")
importFrom("stats", "as.formula", "model.frame", "model.matrix",
"model.response")
to your NAMESPACE file.
Flavors: r-devel-linux-x86_64-debian-clang, r-devel-linux-x86_64-debian-gcc, r-devel-linux-x86_64-fedora-clang, r-devel-linux-x86_64-fedora-gcc, r-devel-windows-ix86+x86_64, r-patched-linux-x86_64, r-patched-solaris-x86, r-release-linux-x86_64, r-release-windows-ix86+x86_64, r-release-osx-x86_64, r-oldrel-windows-ix86+x86_64, r-oldrel-osx-x86_64