Last updated on 2017-12-20 00:47:06 CET.
Flavor | Version | Tinstall | Tcheck | Ttotal | Status | Flags |
---|---|---|---|---|---|---|
r-devel-linux-x86_64-debian-clang | 2.7.5 | 3.56 | 158.38 | 161.94 | OK | |
r-devel-linux-x86_64-debian-gcc | 2.7.5 | OK | ||||
r-devel-linux-x86_64-fedora-clang | 2.7.5 | 236.33 | OK | |||
r-devel-linux-x86_64-fedora-gcc | 2.7.5 | 233.39 | OK | |||
r-devel-windows-ix86+x86_64 | 2.7.5 | 15.00 | 189.00 | 204.00 | OK | |
r-patched-linux-x86_64 | 2.7.5 | 4.62 | 197.42 | 202.04 | OK | |
r-patched-solaris-x86 | 2.7.5 | 287.10 | OK | |||
r-release-linux-x86_64 | 2.7.5 | 4.68 | 197.51 | 202.19 | OK | |
r-release-windows-ix86+x86_64 | 2.7.5 | 10.00 | 194.00 | 204.00 | OK | |
r-release-osx-x86_64 | 2.7.5 | WARN | ||||
r-oldrel-windows-ix86+x86_64 | 2.7.5 | 14.00 | 243.00 | 257.00 | OK | |
r-oldrel-osx-x86_64 | 2.7.5 | OK |
Version: 2.7.5
Check: re-building of vignette outputs
Result: WARN
Error in re-building vignettes:
...
Error in texi2dvi(file = file, pdf = TRUE, clean = clean, quiet = quiet, :
Running 'texi2dvi' on 'parfm.tex' failed.
LaTeX errors:
! LaTeX Error: File `multirow.sty' not found.
Type X to quit or <RETURN> to proceed,
or enter new name. (Default extension: sty)
! Emergency stop.
<read *>
l.12 ^^M
! ==> Fatal error occurred, no output PDF file produced!
Calls: buildVignettes -> texi2pdf -> texi2dvi
Execution halted
Flavor: r-release-osx-x86_64