Last updated on 2017-12-20 00:47:07 CET.
Flavor | Version | Tinstall | Tcheck | Ttotal | Status | Flags |
---|---|---|---|---|---|---|
r-devel-linux-x86_64-debian-clang | 1.1.0 | 1.53 | 34.34 | 35.87 | NOTE | |
r-devel-linux-x86_64-debian-gcc | 1.1.0 | NOTE | ||||
r-devel-linux-x86_64-fedora-clang | 1.1.0 | 47.69 | NOTE | |||
r-devel-linux-x86_64-fedora-gcc | 1.1.0 | 45.97 | NOTE | |||
r-devel-windows-ix86+x86_64 | 1.1.0 | 9.00 | 46.00 | 55.00 | NOTE | |
r-patched-linux-x86_64 | 1.1.0 | 1.99 | 37.77 | 39.76 | NOTE | |
r-patched-solaris-x86 | 1.1.0 | 61.60 | NOTE | |||
r-release-linux-x86_64 | 1.1.0 | 1.41 | 37.16 | 38.57 | NOTE | |
r-release-windows-ix86+x86_64 | 1.1.0 | 5.00 | 48.00 | 53.00 | NOTE | |
r-release-osx-x86_64 | 1.1.0 | NOTE | ||||
r-oldrel-windows-ix86+x86_64 | 1.1.0 | 7.00 | 56.00 | 63.00 | NOTE | |
r-oldrel-osx-x86_64 | 1.1.0 | NOTE |
Version: 1.1.0
Check: DESCRIPTION meta-information
Result: NOTE
Checking should be performed on sources prepared by ‘R CMD build’.
Flavors: r-devel-linux-x86_64-debian-clang, r-devel-linux-x86_64-debian-gcc, r-devel-linux-x86_64-fedora-clang, r-devel-linux-x86_64-fedora-gcc, r-devel-windows-ix86+x86_64, r-patched-linux-x86_64, r-patched-solaris-x86, r-release-linux-x86_64, r-release-windows-ix86+x86_64, r-release-osx-x86_64, r-oldrel-windows-ix86+x86_64, r-oldrel-osx-x86_64