Last updated on 2017-12-20 00:47:08 CET.
Flavor | Version | Tinstall | Tcheck | Ttotal | Status | Flags |
---|---|---|---|---|---|---|
r-devel-linux-x86_64-debian-clang | 0.5-8 | 11.16 | 168.29 | 179.45 | OK | |
r-devel-linux-x86_64-debian-gcc | 0.5-8 | OK | ||||
r-devel-linux-x86_64-fedora-clang | 0.5-8 | 232.91 | OK | |||
r-devel-linux-x86_64-fedora-gcc | 0.5-8 | 232.45 | OK | |||
r-devel-windows-ix86+x86_64 | 0.5-8 | 27.00 | 194.00 | 221.00 | OK | |
r-patched-linux-x86_64 | 0.5-8 | 12.09 | 206.51 | 218.60 | OK | |
r-patched-solaris-x86 | 0.5-8 | 347.90 | OK | |||
r-release-linux-x86_64 | 0.5-8 | 11.51 | 205.05 | 216.56 | OK | |
r-release-windows-ix86+x86_64 | 0.5-8 | 24.00 | 210.00 | 234.00 | OK | |
r-release-osx-x86_64 | 0.5-8 | NOTE | ||||
r-oldrel-windows-ix86+x86_64 | 0.5-8 | 38.00 | 253.00 | 291.00 | OK | |
r-oldrel-osx-x86_64 | 0.5-8 | OK |
Version: 0.5-8
Check: re-building of vignette outputs
Result: NOTE
Error in re-building vignettes:
...
Saving an object of class 'gstatModel'...
Subsetting observations to fit the prediction domain in 2D...
Generating predictions using the trend model (RK method)...
Running 5-fold cross validation using 'krige.cv'...
Creating an object of class "SpatialPredictions"
KML file opened for writing...
Reprojecting to +proj=longlat +datum=WGS84 ...
Writing to KML...
Closing fmd_ST.kml
Error in texi2dvi(file = file, pdf = TRUE, clean = clean, quiet = quiet, :
Running 'texi2dvi' on 'jss1079.tex' failed.
LaTeX errors:
! LaTeX Error: File `multirow.sty' not found.
Type X to quit or <RETURN> to proceed,
or enter new name. (Default extension: sty)
! Emergency stop.
<read *>
l.53 \usepackage
{hyperref}^^M
! ==> Fatal error occurred, no output PDF file produced!
Calls: buildVignettes -> texi2pdf -> texi2dvi
Execution halted
Flavor: r-release-osx-x86_64