Last updated on 2017-12-20 00:47:08 CET.
Flavor | Version | Tinstall | Tcheck | Ttotal | Status | Flags |
---|---|---|---|---|---|---|
r-devel-linux-x86_64-debian-clang | 4.7.1 | 3.05 | 82.67 | 85.72 | OK | |
r-devel-linux-x86_64-debian-gcc | 4.7.1 | OK | ||||
r-devel-linux-x86_64-fedora-clang | 4.7.1 | 105.29 | OK | |||
r-devel-linux-x86_64-fedora-gcc | 4.7.1 | 104.91 | OK | |||
r-devel-windows-ix86+x86_64 | 4.7.1 | 14.00 | 103.00 | 117.00 | OK | |
r-patched-linux-x86_64 | 4.7.1 | 3.75 | 92.47 | 96.22 | OK | |
r-patched-solaris-x86 | 4.7.1 | 126.40 | NOTE | |||
r-release-linux-x86_64 | 4.7.1 | 3.53 | 92.76 | 96.29 | OK | |
r-release-windows-ix86+x86_64 | 4.7.1 | 10.00 | 104.00 | 114.00 | OK | |
r-release-osx-x86_64 | 4.7.1 | OK | ||||
r-oldrel-windows-ix86+x86_64 | 4.7.1 | 19.00 | 126.00 | 145.00 | OK | |
r-oldrel-osx-x86_64 | 4.7.1 | OK |
Version: 4.7.1
Check: package dependencies
Result: NOTE
Packages suggested but not available for checking: ‘Rserve’ ‘RSelenium’
Flavor: r-patched-solaris-x86