Last updated on 2017-12-20 00:47:08 CET.
Flavor | Version | Tinstall | Tcheck | Ttotal | Status | Flags |
---|---|---|---|---|---|---|
r-devel-linux-x86_64-debian-clang | 0.1.0 | 5.71 | 123.79 | 129.50 | OK | |
r-devel-linux-x86_64-debian-gcc | 0.1.0 | OK | ||||
r-devel-linux-x86_64-fedora-clang | 0.1.0 | 161.76 | NOTE | |||
r-devel-linux-x86_64-fedora-gcc | 0.1.0 | 163.55 | NOTE | |||
r-devel-windows-ix86+x86_64 | 0.1.0 | 12.00 | 143.00 | 155.00 | OK | |
r-patched-linux-x86_64 | 0.1.0 | 5.87 | 144.12 | 149.99 | OK | |
r-patched-solaris-x86 | 0.1.0 | 206.80 | NOTE | |||
r-release-linux-x86_64 | 0.1.0 | 6.15 | 146.57 | 152.72 | OK | |
r-release-windows-ix86+x86_64 | 0.1.0 | 12.00 | 148.00 | 160.00 | OK | |
r-release-osx-x86_64 | 0.1.0 | NOTE | ||||
r-oldrel-windows-ix86+x86_64 | 0.1.0 | 22.00 | 164.00 | 186.00 | OK | |
r-oldrel-osx-x86_64 | 0.1.0 | NOTE |
Version: 0.1.0
Check: dependencies in R code
Result: NOTE
Namespace in Imports field not imported from: ‘testthat’
All declared Imports should be used.
Flavors: r-devel-linux-x86_64-fedora-clang, r-devel-linux-x86_64-fedora-gcc, r-patched-solaris-x86, r-release-osx-x86_64, r-oldrel-osx-x86_64