CRAN Package Check Results for Package qlcData

Last updated on 2017-12-20 00:47:09 CET.

Flavor Version Tinstall Tcheck Ttotal Status Flags
r-devel-linux-x86_64-debian-clang 0.1.0 0.82 25.02 25.84 OK
r-devel-linux-x86_64-debian-gcc 0.1.0 OK
r-devel-linux-x86_64-fedora-clang 0.1.0 32.16 OK
r-devel-linux-x86_64-fedora-gcc 0.1.0 31.71 OK
r-devel-windows-ix86+x86_64 0.1.0 5.00 37.00 42.00 OK
r-patched-linux-x86_64 0.1.0 0.79 26.85 27.64 OK
r-patched-solaris-x86 0.1.0 40.10 OK
r-release-linux-x86_64 0.1.0 0.96 26.34 27.30 OK
r-release-windows-ix86+x86_64 0.1.0 3.00 32.00 35.00 WARN
r-release-osx-x86_64 0.1.0 OK
r-oldrel-windows-ix86+x86_64 0.1.0 3.00 43.00 46.00 WARN
r-oldrel-osx-x86_64 0.1.0 OK

Check Details

Version: 0.1.0
Check: re-building of vignette outputs
Result: WARN
    Error in re-building vignettes:
     ...
    Quitting from lines 110-111 (orthography_processing.Rmd)
    Error: processing vignette 'orthography_processing.Rmd' failed with diagnostics:
    undefined columns selected
    Execution halted
Flavors: r-release-windows-ix86+x86_64, r-oldrel-windows-ix86+x86_64