Last updated on 2017-12-20 00:47:09 CET.
Flavor | Version | Tinstall | Tcheck | Ttotal | Status | Flags |
---|---|---|---|---|---|---|
r-devel-linux-x86_64-debian-clang | 0.1.0 | 9.18 | 132.56 | 141.74 | OK | |
r-devel-linux-x86_64-debian-gcc | 0.1.0 | OK | ||||
r-devel-linux-x86_64-fedora-clang | 0.1.0 | 198.51 | NOTE | |||
r-devel-linux-x86_64-fedora-gcc | 0.1.0 | 198.05 | NOTE | |||
r-devel-windows-ix86+x86_64 | 0.1.0 | 33.00 | 165.00 | 198.00 | OK | |
r-patched-linux-x86_64 | 0.1.0 | 10.82 | 168.64 | 179.46 | OK | |
r-patched-solaris-x86 | 0.1.0 | 310.20 | NOTE | |||
r-release-linux-x86_64 | 0.1.0 | 11.26 | 167.12 | 178.38 | OK | |
r-release-windows-ix86+x86_64 | 0.1.0 | 28.00 | 170.00 | 198.00 | OK | |
r-release-osx-x86_64 | 0.1.0 | NOTE | ||||
r-oldrel-windows-ix86+x86_64 | 0.1.0 | 36.00 | 225.00 | 261.00 | OK | |
r-oldrel-osx-x86_64 | 0.1.0 | NOTE |
Version: 0.1.0
Check: data for non-ASCII characters
Result: NOTE
Note: found 727 marked UTF-8 strings
Flavors: r-devel-linux-x86_64-fedora-clang, r-devel-linux-x86_64-fedora-gcc, r-patched-solaris-x86, r-release-osx-x86_64, r-oldrel-osx-x86_64