CRAN Package Check Results for Package quanteda

Last updated on 2017-12-20 00:47:09 CET.

Flavor Version Tinstall Tcheck Ttotal Status Flags
r-devel-linux-x86_64-debian-clang 0.99.22 185.21 339.04 524.25 OK
r-devel-linux-x86_64-debian-gcc 0.99.22 OK
r-devel-linux-x86_64-fedora-clang 0.99.22 731.81 NOTE
r-devel-linux-x86_64-fedora-gcc 0.99.22 732.25 NOTE
r-devel-windows-ix86+x86_64 0.99.22 421.00 547.00 968.00 NOTE
r-patched-linux-x86_64 0.99.22 210.00 382.34 592.34 OK
r-patched-solaris-x86 0.99.22 1114.00 NOTE
r-release-linux-x86_64 0.99.22 212.24 375.26 587.50 OK
r-release-windows-ix86+x86_64 0.99.22 389.00 558.00 947.00 NOTE
r-release-osx-x86_64 0.99.22 NOTE
r-oldrel-windows-ix86+x86_64 0.99.9 415.00 646.00 1061.00 ERROR
r-oldrel-osx-x86_64 0.99.22 ERROR

Additional issues

clang-UBSAN gcc-UBSAN

Check Details

Version: 0.99.22
Check: installed package size
Result: NOTE
     installed size is 14.9Mb
     sub-directories of 1Mb or more:
     libs 12.6Mb
Flavors: r-devel-linux-x86_64-fedora-clang, r-devel-linux-x86_64-fedora-gcc, r-devel-windows-ix86+x86_64, r-release-windows-ix86+x86_64, r-release-osx-x86_64

Version: 0.99.22
Check: data for non-ASCII characters
Result: NOTE
     Note: found 1415 marked UTF-8 strings
Flavors: r-devel-linux-x86_64-fedora-clang, r-devel-linux-x86_64-fedora-gcc, r-patched-solaris-x86, r-release-osx-x86_64

Version: 0.99.9
Check: installed package size
Result: NOTE
     installed size is 5.4Mb
     sub-directories of 1Mb or more:
     libs 3.1Mb
Flavor: r-oldrel-windows-ix86+x86_64

Version: 0.99.9
Check: running tests for arch ‘i386’
Result: ERROR
     Running 'testthat.R' [162s]
    Running the tests in 'tests/testthat.R' failed.
    Last 13 lines of output:
     13: new("dfmSparse", Matrix(as.matrix(x), sparse = TRUE))
     14: initialize(value, ...)
     15: initialize(value, ...)
     16: callNextMethod()
     17: .nextMethod(.Object = .Object, ... = ...)
     18: `as<-`(`*tmp*`, Classi, value = <S4 object of class structure("dtCMatrix", package = "Matrix")>)
     19: asMethod(object, Class, value)
     20: slot(value, what)
    
     testthat results ================================================================
     OK: 1574 SKIPPED: 20 FAILED: 1
     1. Error: dfm_lookup raises error when dictionary has multi-word entries (@test-dfm_lookup.R#82)
    
     Error: testthat unit tests failed
     Execution halted
Flavor: r-oldrel-windows-ix86+x86_64

Version: 0.99.9
Check: running tests for arch ‘x64’
Result: ERROR
     Running 'testthat.R' [167s]
    Running the tests in 'tests/testthat.R' failed.
    Last 13 lines of output:
     13: new("dfmSparse", Matrix(as.matrix(x), sparse = TRUE))
     14: initialize(value, ...)
     15: initialize(value, ...)
     16: callNextMethod()
     17: .nextMethod(.Object = .Object, ... = ...)
     18: `as<-`(`*tmp*`, Classi, value = <S4 object of class structure("dtCMatrix", package = "Matrix")>)
     19: asMethod(object, Class, value)
     20: slot(value, what)
    
     testthat results ================================================================
     OK: 1574 SKIPPED: 20 FAILED: 1
     1. Error: dfm_lookup raises error when dictionary has multi-word entries (@test-dfm_lookup.R#82)
    
     Error: testthat unit tests failed
     Execution halted
Flavor: r-oldrel-windows-ix86+x86_64

Version: 0.99.22
Check: whether package can be installed
Result: ERROR
    Installation failed.
Flavor: r-oldrel-osx-x86_64