Last updated on 2017-12-20 00:47:17 CET.
Flavor | Version | Tinstall | Tcheck | Ttotal | Status | Flags |
---|---|---|---|---|---|---|
r-devel-linux-x86_64-debian-clang | 1.3 | 6.41 | 31.89 | 38.30 | OK | |
r-devel-linux-x86_64-debian-gcc | 1.3 | OK | ||||
r-devel-linux-x86_64-fedora-clang | 1.3 | 49.50 | NOTE | |||
r-devel-linux-x86_64-fedora-gcc | 1.3 | 49.07 | NOTE | |||
r-devel-windows-ix86+x86_64 | 1.3 | 12.00 | 49.00 | 61.00 | NOTE | |
r-patched-linux-x86_64 | 1.3 | 6.66 | 35.50 | 42.16 | OK | |
r-patched-solaris-x86 | 1.3 | 72.50 | NOTE | |||
r-release-linux-x86_64 | 1.3 | 7.17 | 34.61 | 41.78 | OK | |
r-release-windows-ix86+x86_64 | 1.3 | 11.00 | 49.00 | 60.00 | NOTE | |
r-release-osx-x86_64 | 1.3 | NOTE | ||||
r-oldrel-windows-ix86+x86_64 | 1.3 | 11.00 | 42.00 | 53.00 | NOTE | |
r-oldrel-osx-x86_64 | 1.3 | NOTE |
Version: 1.3
Check: installed package size
Result: NOTE
installed size is 6.0Mb
sub-directories of 1Mb or more:
data 5.7Mb
Flavors: r-devel-linux-x86_64-fedora-clang, r-devel-linux-x86_64-fedora-gcc, r-devel-windows-ix86+x86_64, r-patched-solaris-x86, r-release-windows-ix86+x86_64, r-release-osx-x86_64, r-oldrel-windows-ix86+x86_64, r-oldrel-osx-x86_64