Last updated on 2017-12-20 00:47:10 CET.
Flavor | Version | Tinstall | Tcheck | Ttotal | Status | Flags |
---|---|---|---|---|---|---|
r-devel-linux-x86_64-debian-clang | 0.8.0 | 63.79 | 64.02 | 127.81 | OK | |
r-devel-linux-x86_64-debian-gcc | 0.8.0 | OK | ||||
r-devel-linux-x86_64-fedora-clang | 0.8.0 | 191.99 | NOTE | |||
r-devel-linux-x86_64-fedora-gcc | 0.8.0 | 184.43 | NOTE | |||
r-devel-windows-ix86+x86_64 | 0.8.0 | 203.00 | 111.00 | 314.00 | OK | |
r-patched-linux-x86_64 | 0.8.0 | 65.98 | 77.19 | 143.17 | OK | |
r-patched-solaris-x86 | 0.8.0 | 515.90 | OK | |||
r-release-linux-x86_64 | 0.8.0 | 67.73 | 76.38 | 144.11 | OK | |
r-release-windows-ix86+x86_64 | 0.8.0 | 141.00 | 108.00 | 249.00 | OK | |
r-release-osx-x86_64 | 0.8.0 | OK | ||||
r-oldrel-windows-ix86+x86_64 | 0.8.0 | 214.00 | 150.00 | 364.00 | OK | |
r-oldrel-osx-x86_64 | 0.8.0 | NOTE |
Version: 0.8.0
Check: installed package size
Result: NOTE
installed size is 6.2Mb
sub-directories of 1Mb or more:
libs 6.1Mb
Flavors: r-devel-linux-x86_64-fedora-clang, r-devel-linux-x86_64-fedora-gcc, r-oldrel-osx-x86_64