CRAN Package Check Results for Package raptr

Last updated on 2017-12-20 00:47:10 CET.

Flavor Version Tinstall Tcheck Ttotal Status Flags
r-devel-linux-x86_64-debian-clang 0.1.1 145.59 231.71 377.30 NOTE
r-devel-linux-x86_64-debian-gcc 0.1.1 NOTE
r-devel-linux-x86_64-fedora-clang 0.1.1 559.22 NOTE
r-devel-linux-x86_64-fedora-gcc 0.1.1 532.50 NOTE
r-devel-windows-ix86+x86_64 0.1.1 396.00 455.00 851.00 NOTE
r-patched-linux-x86_64 0.1.1 149.85 281.57 431.42 NOTE
r-patched-solaris-x86 0.1.1 787.10 NOTE
r-release-linux-x86_64 0.1.1 151.00 277.49 428.49 NOTE
r-release-windows-ix86+x86_64 0.1.1 284.00 458.00 742.00 NOTE
r-release-osx-x86_64 0.1.1 NOTE
r-oldrel-windows-ix86+x86_64 0.1.1 415.00 522.00 937.00 NOTE
r-oldrel-osx-x86_64 0.1.1 NOTE

Check Details

Version: 0.1.1
Check: package dependencies
Result: NOTE
    Packages suggested but not available for checking: ‘gurobi’ ‘rgurobi’
Flavors: r-devel-linux-x86_64-debian-clang, r-devel-linux-x86_64-debian-gcc, r-devel-linux-x86_64-fedora-clang, r-devel-linux-x86_64-fedora-gcc, r-devel-windows-ix86+x86_64, r-patched-linux-x86_64, r-patched-solaris-x86, r-release-linux-x86_64, r-release-windows-ix86+x86_64, r-release-osx-x86_64, r-oldrel-windows-ix86+x86_64, r-oldrel-osx-x86_64

Version: 0.1.1
Check: installed package size
Result: NOTE
     installed size is 6.1Mb
     sub-directories of 1Mb or more:
     data 3.6Mb
     doc 1.4Mb
Flavors: r-devel-linux-x86_64-fedora-clang, r-devel-linux-x86_64-fedora-gcc, r-devel-windows-ix86+x86_64, r-patched-solaris-x86, r-release-windows-ix86+x86_64, r-release-osx-x86_64, r-oldrel-windows-ix86+x86_64, r-oldrel-osx-x86_64