Last updated on 2017-12-20 00:47:12 CET.
Flavor | Version | Tinstall | Tcheck | Ttotal | Status | Flags |
---|---|---|---|---|---|---|
r-devel-linux-x86_64-debian-clang | 1.3-1 | 82.44 | 51.23 | 133.67 | OK | |
r-devel-linux-x86_64-debian-gcc | 1.3-1 | OK | ||||
r-devel-linux-x86_64-fedora-clang | 1.3-1 | 209.79 | NOTE | |||
r-devel-linux-x86_64-fedora-gcc | 1.3-1 | 206.38 | NOTE | |||
r-devel-windows-ix86+x86_64 | 1.3-1 | 238.00 | 94.00 | 332.00 | OK | |
r-patched-linux-x86_64 | 1.3-1 | 91.44 | 67.46 | 158.90 | OK | |
r-patched-solaris-x86 | 1.3-1 | 230.90 | OK | |||
r-release-linux-x86_64 | 1.3-1 | 93.68 | 67.92 | 161.60 | OK | |
r-release-windows-ix86+x86_64 | 1.3-1 | 167.00 | 101.00 | 268.00 | OK | |
r-release-osx-x86_64 | 1.3-1 | NOTE | ||||
r-oldrel-windows-ix86+x86_64 | 1.3-1 | 179.00 | 122.00 | 301.00 | OK | |
r-oldrel-osx-x86_64 | 1.3-1 | NOTE |
Version: 1.3-1
Check: installed package size
Result: NOTE
installed size is 6.2Mb
sub-directories of 1Mb or more:
data 1.7Mb
libs 4.3Mb
Flavors: r-devel-linux-x86_64-fedora-clang, r-devel-linux-x86_64-fedora-gcc, r-oldrel-osx-x86_64
Version: 1.3-1
Check: package dependencies
Result: NOTE
Package suggested but not available for checking: ‘Rmpi’
Flavors: r-release-osx-x86_64, r-oldrel-osx-x86_64