Last updated on 2017-12-20 00:47:12 CET.
Flavor | Version | Tinstall | Tcheck | Ttotal | Status | Flags |
---|---|---|---|---|---|---|
r-devel-linux-x86_64-debian-clang | 0.1.3 | 10.41 | 107.32 | 117.73 | OK | |
r-devel-linux-x86_64-debian-gcc | 0.1.3 | OK | ||||
r-devel-linux-x86_64-fedora-clang | 0.1.3 | 152.37 | NOTE | |||
r-devel-linux-x86_64-fedora-gcc | 0.1.3 | 153.70 | NOTE | |||
r-devel-windows-ix86+x86_64 | 0.1.3 | 19.00 | 156.00 | 175.00 | OK | |
r-patched-linux-x86_64 | 0.1.3 | 9.76 | 131.96 | 141.72 | OK | |
r-patched-solaris-x86 | 0.1.3 | 212.10 | OK | |||
r-release-linux-x86_64 | 0.1.3 | 9.23 | 129.72 | 138.95 | OK | |
r-release-windows-ix86+x86_64 | 0.1.3 | 16.00 | 156.00 | 172.00 | OK | |
r-release-osx-x86_64 | 0.1.3 | OK | ||||
r-oldrel-windows-ix86+x86_64 | 0.1.3 | 24.00 | 201.00 | 225.00 | OK | |
r-oldrel-osx-x86_64 | 0.1.3 | OK |
Version: 0.1.3
Check: DESCRIPTION meta-information
Result: NOTE
Dependence on R version ‘3.3.2’ not with patchlevel 0
Flavors: r-devel-linux-x86_64-fedora-clang, r-devel-linux-x86_64-fedora-gcc