Last updated on 2017-12-20 00:47:12 CET.
Flavor | Version | Tinstall | Tcheck | Ttotal | Status | Flags |
---|---|---|---|---|---|---|
r-devel-linux-x86_64-debian-clang | 0.1.0 | 3.30 | 39.53 | 42.83 | OK | |
r-devel-linux-x86_64-debian-gcc | 0.1.0 | OK | ||||
r-devel-linux-x86_64-fedora-clang | 0.1.0 | 54.56 | OK | |||
r-devel-linux-x86_64-fedora-gcc | 0.1.0 | 55.00 | OK | |||
r-devel-windows-ix86+x86_64 | 0.1.0 | 8.00 | 61.00 | 69.00 | OK | |
r-patched-linux-x86_64 | 0.1.0 | 3.47 | 46.69 | 50.16 | OK | |
r-patched-solaris-x86 | 0.1.0 | 71.30 | OK | |||
r-release-linux-x86_64 | 0.1.0 | 3.25 | 46.96 | 50.21 | OK | |
r-release-windows-ix86+x86_64 | 0.1.0 | 7.00 | 60.00 | 67.00 | OK | |
r-release-osx-x86_64 | 0.1.0 | ERROR | ||||
r-oldrel-windows-ix86+x86_64 | 0.1.0 | 5.00 | 70.00 | 75.00 | OK | |
r-oldrel-osx-x86_64 | 0.1.0 | OK |
Version: 0.1.0
Check: package dependencies
Result: ERROR
Package required but not available: ‘PKI’
See section ‘The DESCRIPTION file’ in the ‘Writing R Extensions’
manual.
Flavor: r-release-osx-x86_64