Last updated on 2017-12-20 00:47:13 CET.
Flavor | Version | Tinstall | Tcheck | Ttotal | Status | Flags |
---|---|---|---|---|---|---|
r-devel-linux-x86_64-debian-clang | 0.1.5 | 1.63 | 31.98 | 33.61 | OK | |
r-devel-linux-x86_64-debian-gcc | 0.1.5 | OK | ||||
r-devel-linux-x86_64-fedora-clang | 0.1.5 | 44.20 | OK | |||
r-devel-linux-x86_64-fedora-gcc | 0.1.5 | 43.66 | OK | |||
r-devel-windows-ix86+x86_64 | 0.1.5 | 9.00 | 87.00 | 96.00 | WARN | |
r-patched-linux-x86_64 | 0.1.5 | 1.50 | 37.61 | 39.11 | OK | |
r-patched-solaris-x86 | 0.1.5 | 62.50 | OK | |||
r-release-linux-x86_64 | 0.1.5 | 1.62 | 36.81 | 38.43 | OK | |
r-release-windows-ix86+x86_64 | 0.1.5 | 5.00 | 83.00 | 88.00 | WARN | |
r-release-osx-x86_64 | 0.1.5 | OK | ||||
r-oldrel-windows-ix86+x86_64 | 0.1.5 | 6.00 | 88.00 | 94.00 | WARN | |
r-oldrel-osx-x86_64 | 0.1.5 | OK |
Version: 0.1.5
Check: re-building of vignette outputs
Result: WARN
Error in re-building vignettes:
...
Quitting from lines 100-102 (rinatVignette.Rmd)
Error: processing vignette 'rinatVignette.Rmd' failed with diagnostics:
cannot open the connection
Execution halted
Flavors: r-devel-windows-ix86+x86_64, r-release-windows-ix86+x86_64, r-oldrel-windows-ix86+x86_64