Last updated on 2017-12-20 00:47:14 CET.
Flavor | Version | Tinstall | Tcheck | Ttotal | Status | Flags |
---|---|---|---|---|---|---|
r-devel-linux-x86_64-debian-clang | 0.1.1 | 1.92 | 28.61 | 30.53 | OK | |
r-devel-linux-x86_64-debian-gcc | 0.1.1 | OK | ||||
r-devel-linux-x86_64-fedora-clang | 0.1.1 | 42.64 | NOTE | |||
r-devel-linux-x86_64-fedora-gcc | 0.1.1 | 41.56 | NOTE | |||
r-devel-windows-ix86+x86_64 | 0.1.1 | 6.00 | 45.00 | 51.00 | OK | |
r-patched-linux-x86_64 | 0.1.1 | 2.14 | 33.01 | 35.15 | OK | |
r-patched-solaris-x86 | 0.1.1 | 64.90 | NOTE | |||
r-release-linux-x86_64 | 0.1.1 | 2.39 | 33.46 | 35.85 | OK | |
r-release-windows-ix86+x86_64 | 0.1.1 | 4.00 | 42.00 | 46.00 | OK | |
r-release-osx-x86_64 | 0.1.1 | NOTE | ||||
r-oldrel-windows-ix86+x86_64 | 0.1.1 | 5.00 | 49.00 | 54.00 | OK | |
r-oldrel-osx-x86_64 | 0.1.1 | NOTE |
Version: 0.1.1
Check: dependencies in R code
Result: NOTE
Namespace in Imports field not imported from: ‘stringr’
All declared Imports should be used.
Flavors: r-devel-linux-x86_64-fedora-clang, r-devel-linux-x86_64-fedora-gcc, r-patched-solaris-x86, r-release-osx-x86_64, r-oldrel-osx-x86_64
Version: 0.1.1
Check: data for non-ASCII characters
Result: NOTE
Note: found 59 marked UTF-8 strings
Flavors: r-devel-linux-x86_64-fedora-clang, r-devel-linux-x86_64-fedora-gcc, r-patched-solaris-x86, r-release-osx-x86_64, r-oldrel-osx-x86_64