Last updated on 2017-12-20 00:47:14 CET.
Flavor | Version | Tinstall | Tcheck | Ttotal | Status | Flags |
---|---|---|---|---|---|---|
r-devel-linux-x86_64-debian-clang | 1.0.7 | 39.63 | 26.77 | 66.40 | NOTE | |
r-devel-linux-x86_64-debian-gcc | 1.0.7 | NOTE | ||||
r-devel-linux-x86_64-fedora-clang | 1.0.7 | 104.14 | NOTE | |||
r-devel-linux-x86_64-fedora-gcc | 1.0.7 | 90.90 | NOTE | |||
r-devel-windows-ix86+x86_64 | 1.0.7 | 99.00 | 55.00 | 154.00 | NOTE | |
r-patched-linux-x86_64 | 1.0.7 | 39.16 | 28.29 | 67.45 | NOTE | |
r-patched-solaris-x86 | 1.0.7 | 107.60 | NOTE | |||
r-release-linux-x86_64 | 1.0.7 | 37.97 | 28.16 | 66.13 | NOTE | |
r-release-windows-ix86+x86_64 | 1.0.7 | 76.00 | 76.00 | 152.00 | NOTE | |
r-release-osx-x86_64 | 1.0.7 | NOTE | ||||
r-oldrel-windows-ix86+x86_64 | 1.0.7 | 68.00 | 62.00 | 130.00 | NOTE | |
r-oldrel-osx-x86_64 | 1.0.7 | NOTE |
Version: 1.0.7
Check: for GNU extensions in Makefiles
Result: NOTE
GNU make is a SystemRequirements.
Flavors: r-devel-linux-x86_64-debian-clang, r-devel-linux-x86_64-debian-gcc, r-devel-linux-x86_64-fedora-clang, r-devel-linux-x86_64-fedora-gcc, r-devel-windows-ix86+x86_64, r-patched-linux-x86_64, r-patched-solaris-x86, r-release-linux-x86_64, r-release-windows-ix86+x86_64, r-release-osx-x86_64, r-oldrel-windows-ix86+x86_64, r-oldrel-osx-x86_64