Last updated on 2017-12-20 00:47:15 CET.
Flavor | Version | Tinstall | Tcheck | Ttotal | Status | Flags |
---|---|---|---|---|---|---|
r-devel-linux-x86_64-debian-clang | 4.1-11 | 8.66 | 46.20 | 54.86 | NOTE | |
r-devel-linux-x86_64-debian-gcc | 4.1-11 | NOTE | ||||
r-devel-linux-x86_64-fedora-clang | 4.1-11 | 78.48 | NOTE | |||
r-devel-linux-x86_64-fedora-gcc | 4.1-11 | 77.75 | NOTE | |||
r-devel-windows-ix86+x86_64 | 4.1-11 | 65.00 | 78.00 | 143.00 | OK | |
r-patched-linux-x86_64 | 4.1-11 | 5.80 | 55.05 | 60.85 | NOTE | |
r-patched-solaris-x86 | 4.1-11 | OK | ||||
r-release-linux-x86_64 | 4.1-11 | 7.62 | 55.03 | 62.65 | NOTE | |
r-release-windows-ix86+x86_64 | 4.1-11 | 40.00 | 126.00 | 166.00 | OK | |
r-release-osx-x86_64 | 4.1-11 | OK | ||||
r-oldrel-windows-ix86+x86_64 | 4.1-11 | 44.00 | 102.00 | 146.00 | OK | |
r-oldrel-osx-x86_64 | 4.1-11 | OK |
Version: 4.1-11
Check: top-level files
Result: NOTE
Non-standard file/directory found at top level:
‘Changelog.TMT’
Flavors: r-devel-linux-x86_64-debian-clang, r-devel-linux-x86_64-debian-gcc, r-devel-linux-x86_64-fedora-clang, r-devel-linux-x86_64-fedora-gcc, r-patched-linux-x86_64, r-release-linux-x86_64