CRAN Package Check Results for Package rpg

Last updated on 2017-12-20 00:47:15 CET.

Flavor Version Tinstall Tcheck Ttotal Status Flags
r-devel-linux-x86_64-debian-clang 1.6 16.90 20.99 37.89 OK
r-devel-linux-x86_64-debian-gcc 1.6 OK
r-devel-linux-x86_64-fedora-clang 1.6 57.73 OK
r-devel-linux-x86_64-fedora-gcc 1.6 53.91 OK
r-devel-windows-ix86+x86_64 1.6 66.00 75.00 141.00 NOTE
r-patched-linux-x86_64 1.6 15.90 25.36 41.26 OK
r-patched-solaris-x86 1.6 18.50 ERROR
r-release-linux-x86_64 1.6 16.55 24.61 41.16 OK
r-release-windows-ix86+x86_64 1.6 49.00 102.00 151.00 NOTE
r-release-osx-x86_64 1.6 ERROR
r-oldrel-windows-ix86+x86_64 1.6 54.00 90.00 144.00 NOTE
r-oldrel-osx-x86_64 1.6 WARN

Check Details

Version: 1.6
Check: installed package size
Result: NOTE
     installed size is 5.7Mb
     sub-directories of 1Mb or more:
     libs 5.6Mb
Flavors: r-devel-windows-ix86+x86_64, r-release-windows-ix86+x86_64, r-oldrel-windows-ix86+x86_64

Version: 1.6
Check: whether package can be installed
Result: ERROR
    Installation failed.
Flavors: r-patched-solaris-x86, r-release-osx-x86_64

Version: 1.6
Check: whether the package can be unloaded cleanly
Result: WARN
    Error in dyn.load(file, DLLpath = DLLpath, ...) :
     unable to load shared object '/Builds/CRAN-QA-Simon/packages/mavericks-x86_64/results/3.3/rpg.Rcheck/rpg/libs/rpg.so':
     dlopen(/Builds/CRAN-QA-Simon/packages/mavericks-x86_64/results/3.3/rpg.Rcheck/rpg/libs/rpg.so, 6): Symbol not found: _GSS_C_NT_HOSTBASED_SERVICE
     Referenced from: /Builds/CRAN-QA-Simon/packages/mavericks-x86_64/results/3.3/rpg.Rcheck/rpg/libs/rpg.so
     Expected in: flat namespace
     in /Builds/CRAN-QA-Simon/packages/mavericks-x86_64/results/3.3/rpg.Rcheck/rpg/libs/rpg.so
    Error: package or namespace load failed for ‘rpg’
    Execution halted
Flavor: r-oldrel-osx-x86_64

Version: 1.6
Check: whether the namespace can be loaded with stated dependencies
Result: WARN
    Error in dyn.load(file, DLLpath = DLLpath, ...) :
     unable to load shared object '/Builds/CRAN-QA-Simon/packages/mavericks-x86_64/results/3.3/rpg.Rcheck/rpg/libs/rpg.so':
     dlopen(/Builds/CRAN-QA-Simon/packages/mavericks-x86_64/results/3.3/rpg.Rcheck/rpg/libs/rpg.so, 6): Symbol not found: _GSS_C_NT_HOSTBASED_SERVICE
     Referenced from: /Builds/CRAN-QA-Simon/packages/mavericks-x86_64/results/3.3/rpg.Rcheck/rpg/libs/rpg.so
     Expected in: flat namespace
     in /Builds/CRAN-QA-Simon/packages/mavericks-x86_64/results/3.3/rpg.Rcheck/rpg/libs/rpg.so
    Calls: <Anonymous> ... eval -> eval -> loadNamespace -> library.dynam -> dyn.load
    Execution halted
    
    A namespace must be able to be loaded with just the base namespace
    loaded: otherwise if the namespace gets loaded by a saved object, the
    session will be unable to start.
    
    Probably some imports need to be declared in the NAMESPACE file.
Flavor: r-oldrel-osx-x86_64

Version: 1.6
Check: dependencies in R code
Result: NOTE
    Error: package or namespace load failed for ‘rpg’
    Call sequence:
    2: stop(gettextf("package or namespace load failed for %s", sQuote(package)),
     call. = FALSE, domain = NA)
    1: library(package, lib.loc = lib.loc, character.only = TRUE, verbose = FALSE)
    Execution halted
Flavor: r-oldrel-osx-x86_64