Last updated on 2017-12-20 00:47:18 CET.
Flavor | Version | Tinstall | Tcheck | Ttotal | Status | Flags |
---|---|---|---|---|---|---|
r-devel-linux-x86_64-debian-clang | 0.2-4 | 1.36 | 26.79 | 28.15 | NOTE | |
r-devel-linux-x86_64-debian-gcc | 0.2-4 | NOTE | ||||
r-devel-linux-x86_64-fedora-clang | 0.2-4 | 38.29 | NOTE | |||
r-devel-linux-x86_64-fedora-gcc | 0.2-4 | 37.71 | NOTE | |||
r-devel-windows-ix86+x86_64 | 0.2-4 | 4.00 | 38.00 | 42.00 | OK | |
r-patched-linux-x86_64 | 0.2-4 | 1.46 | 31.06 | 32.52 | NOTE | |
r-patched-solaris-x86 | 0.2-4 | 59.00 | NOTE | |||
r-release-linux-x86_64 | 0.2-4 | 1.45 | 31.08 | 32.53 | NOTE | |
r-release-windows-ix86+x86_64 | 0.2-4 | 5.00 | 54.00 | 59.00 | OK | |
r-release-osx-x86_64 | 0.2-4 | OK | ||||
r-oldrel-windows-ix86+x86_64 | 0.2-4 | 4.00 | 33.00 | 37.00 | OK | |
r-oldrel-osx-x86_64 | 0.2-4 | OK |
Version: 0.2-4
Check: top-level files
Result: NOTE
Non-standard file/directory found at top level:
‘src-java’
Flavors: r-devel-linux-x86_64-debian-clang, r-devel-linux-x86_64-debian-gcc, r-devel-linux-x86_64-fedora-clang, r-devel-linux-x86_64-fedora-gcc, r-patched-linux-x86_64, r-release-linux-x86_64
Version: 0.2-4
Check: S3 generic/method consistency
Result: NOTE
Found the following apparent S3 methods exported but not registered:
scagnostics.data.frame scagnostics.default scagnostics.list
scagnostics.matrix
See section ‘Registering S3 methods’ in the ‘Writing R Extensions’
manual.
Flavors: r-devel-linux-x86_64-debian-clang, r-devel-linux-x86_64-debian-gcc, r-devel-linux-x86_64-fedora-clang, r-devel-linux-x86_64-fedora-gcc, r-patched-linux-x86_64, r-patched-solaris-x86, r-release-linux-x86_64