Last updated on 2017-12-20 00:47:18 CET.
Flavor | Version | Tinstall | Tcheck | Ttotal | Status | Flags |
---|---|---|---|---|---|---|
r-devel-linux-x86_64-debian-clang | 0.9.11 | 4.26 | 242.19 | 246.45 | OK | |
r-devel-linux-x86_64-debian-gcc | 0.9.11 | OK | ||||
r-devel-linux-x86_64-fedora-clang | 0.9.11 | 310.80 | OK | |||
r-devel-linux-x86_64-fedora-gcc | 0.9.11 | 372.71 | OK | |||
r-devel-windows-ix86+x86_64 | 0.9.11 | 12.00 | 258.00 | 270.00 | OK | |
r-patched-linux-x86_64 | 0.9.11 | 4.93 | 483.40 | 488.33 | OK | |
r-patched-solaris-x86 | 0.9.11 | 3.60 | ERROR | |||
r-release-linux-x86_64 | 0.9.11 | 4.54 | 482.13 | 486.67 | OK | |
r-release-windows-ix86+x86_64 | 0.9.11 | 12.00 | 264.00 | 276.00 | OK | |
r-release-osx-x86_64 | 0.9.11 | OK | ||||
r-oldrel-windows-ix86+x86_64 | 0.9.11 | 14.00 | 320.00 | 334.00 | OK | |
r-oldrel-osx-x86_64 | 0.9.11 | OK |
Version: 0.9.11
Check: package dependencies
Result: ERROR
Package required but not available: ‘OpenMx’
See section ‘The DESCRIPTION file’ in the ‘Writing R Extensions’
manual.
Flavor: r-patched-solaris-x86