Last updated on 2017-12-20 00:47:19 CET.
Flavor | Version | Tinstall | Tcheck | Ttotal | Status | Flags |
---|---|---|---|---|---|---|
r-devel-linux-x86_64-debian-clang | 0.5.0 | 2.78 | 40.50 | 43.28 | OK | |
r-devel-linux-x86_64-debian-gcc | 0.5.0 | OK | ||||
r-devel-linux-x86_64-fedora-clang | 0.5.0 | 53.68 | NOTE | |||
r-devel-linux-x86_64-fedora-gcc | 0.5.0 | 54.58 | NOTE | |||
r-devel-windows-ix86+x86_64 | 0.5.0 | 7.00 | 54.00 | 61.00 | OK | |
r-patched-linux-x86_64 | 0.5.0 | 3.26 | 44.99 | 48.25 | OK | |
r-patched-solaris-x86 | 0.5.0 | 73.50 | NOTE | |||
r-release-linux-x86_64 | 0.5.0 | 2.62 | 43.21 | 45.83 | OK | |
r-release-windows-ix86+x86_64 | 0.5.0 | 6.00 | 55.00 | 61.00 | OK | |
r-release-osx-x86_64 | 0.5.0 | NOTE | ||||
r-oldrel-windows-ix86+x86_64 | 0.5.0 | 5.00 | 64.00 | 69.00 | OK | |
r-oldrel-osx-x86_64 | 0.5.0 | NOTE |
Version: 0.5.0
Check: dependencies in R code
Result: NOTE
Namespace in Imports field not imported from: ‘datasets’
All declared Imports should be used.
Flavors: r-devel-linux-x86_64-fedora-clang, r-devel-linux-x86_64-fedora-gcc, r-patched-solaris-x86, r-release-osx-x86_64, r-oldrel-osx-x86_64