Last updated on 2017-12-20 00:47:19 CET.
Flavor | Version | Tinstall | Tcheck | Ttotal | Status | Flags |
---|---|---|---|---|---|---|
r-devel-linux-x86_64-debian-clang | 0.2.0 | 2.04 | 622.61 | 624.65 | OK | |
r-devel-linux-x86_64-debian-gcc | 0.2.0 | OK | ||||
r-devel-linux-x86_64-fedora-clang | 0.2.0 | 794.19 | OK | |||
r-devel-linux-x86_64-fedora-gcc | 0.2.0 | 788.78 | OK | |||
r-devel-windows-ix86+x86_64 | 0.2.0 | 8.00 | 96.00 | 104.00 | OK | --no-vignettes |
r-patched-linux-x86_64 | 0.2.0 | 2.21 | 661.95 | 664.16 | OK | |
r-patched-solaris-x86 | 0.2.0 | 2459.50 | OK | |||
r-release-linux-x86_64 | 0.2.0 | 2.51 | 655.72 | 658.23 | OK | |
r-release-windows-ix86+x86_64 | 0.2.0 | 6.00 | 144.00 | 150.00 | OK | --no-vignettes |
r-release-osx-x86_64 | 0.2.0 | FAIL | ||||
r-oldrel-windows-ix86+x86_64 | 0.2.0 | 5.00 | 145.00 | 150.00 | OK | --no-vignettes |
r-oldrel-osx-x86_64 | 0.2.0 | OK |
Version: 0.2.0
Check: re-building of vignette outputs
Result: WARN
Error in re-building vignettes:
...
Shutting down cluster.
Shutting down cluster.
Shutting down cluster.
Shutting down cluster.
Shutting down cluster.
Shutting down cluster.
Shutting down cluster.
Shutting down cluster.
Shutting down cluster.
Shutting down cluster.
Shutting down cluster.
Shutting down cluster.
Warning: Ignoring unknown aesthetics: position
Warning: Ignoring unknown aesthetics: position
Warning: Ignoring unknown aesthetics: position
Warning: Ignoring unknown aesthetics: position
Warning: Ignoring unknown aesthetics: position
Warning: Ignoring unknown aesthetics: position
Shutting down cluster.
Warning in engine$weave(file, quiet = quiet, encoding = enc) :
Pandoc (>= 1.12.3) and/or pandoc-citeproc not available. Falling back to R Markdown v1.
Warning in engine$weave(file, quiet = quiet, encoding = enc) :
Pandoc (>= 1.12.3) and/or pandoc-citeproc not available. Falling back to R Markdown v1.
Execution halted
Flavor: r-release-osx-x86_64
Version: 0.2.0
Check: PDF version of manual
Result: FAIL
Flavor: r-release-osx-x86_64