Last updated on 2017-12-20 00:47:19 CET.
Flavor | Version | Tinstall | Tcheck | Ttotal | Status | Flags |
---|---|---|---|---|---|---|
r-devel-linux-x86_64-debian-clang | 0.1.0 | 3.03 | 50.14 | 53.17 | OK | |
r-devel-linux-x86_64-debian-gcc | 0.1.0 | OK | ||||
r-devel-linux-x86_64-fedora-clang | 0.1.0 | 73.85 | NOTE | |||
r-devel-linux-x86_64-fedora-gcc | 0.1.0 | 76.67 | NOTE | |||
r-devel-windows-ix86+x86_64 | 0.1.0 | 12.00 | 63.00 | 75.00 | OK | |
r-patched-linux-x86_64 | 0.1.0 | 3.94 | 58.90 | 62.84 | OK | |
r-patched-solaris-x86 | 0.1.0 | 135.50 | OK | |||
r-release-linux-x86_64 | 0.1.0 | 3.92 | 59.25 | 63.17 | OK | |
r-release-windows-ix86+x86_64 | 0.1.0 | 7.00 | 64.00 | 71.00 | OK | |
r-release-osx-x86_64 | 0.1.0 | OK | ||||
r-oldrel-windows-ix86+x86_64 | 0.1.0 | 11.00 | 82.00 | 93.00 | OK | |
r-oldrel-osx-x86_64 | 0.1.0 | ERROR |
Version: 0.1.0
Check: DESCRIPTION meta-information
Result: NOTE
Dependence on R version ‘3.3.3’ not with patchlevel 0
Flavors: r-devel-linux-x86_64-fedora-clang, r-devel-linux-x86_64-fedora-gcc
Version: 0.1.0
Check: package dependencies
Result: ERROR
Packages required and available but unsuitable versions: ‘stats’ ‘parallel’
See section ‘The DESCRIPTION file’ in the ‘Writing R Extensions’
manual.
Flavor: r-oldrel-osx-x86_64