Last updated on 2017-12-20 00:47:20 CET.
Flavor | Version | Tinstall | Tcheck | Ttotal | Status | Flags |
---|---|---|---|---|---|---|
r-devel-linux-x86_64-debian-clang | 1.8.14 | 6.63 | 92.52 | 99.15 | OK | |
r-devel-linux-x86_64-debian-gcc | 1.8.14 | OK | ||||
r-devel-linux-x86_64-fedora-clang | 1.8.14 | 142.68 | OK | |||
r-devel-linux-x86_64-fedora-gcc | 1.8.14 | 145.68 | OK | |||
r-devel-windows-ix86+x86_64 | 1.8.14 | 17.00 | 116.00 | 133.00 | OK | |
r-patched-linux-x86_64 | 1.8.14 | 8.05 | 116.29 | 124.34 | OK | |
r-patched-solaris-x86 | 1.8.14 | 228.60 | OK | |||
r-release-linux-x86_64 | 1.8.14 | 8.98 | 119.24 | 128.22 | OK | |
r-release-windows-ix86+x86_64 | 1.8.14 | 15.00 | 110.00 | 125.00 | OK | |
r-release-osx-x86_64 | 1.8.14 | OK | ||||
r-oldrel-windows-ix86+x86_64 | 1.8.14 | 35.00 | 159.00 | 194.00 | OK | |
r-oldrel-osx-x86_64 | 1.8.14 | NOTE |
Version: 1.8.14
Check: package dependencies
Result: NOTE
Package suggested but not available for checking: ‘RODBC’
Flavor: r-oldrel-osx-x86_64