Last updated on 2017-12-20 00:47:20 CET.
Flavor | Version | Tinstall | Tcheck | Ttotal | Status | Flags |
---|---|---|---|---|---|---|
r-devel-linux-x86_64-debian-clang | 0.44 | 2.27 | 69.09 | 71.36 | OK | |
r-devel-linux-x86_64-debian-gcc | 0.44 | OK | ||||
r-devel-linux-x86_64-fedora-clang | 0.44 | 86.72 | OK | |||
r-devel-linux-x86_64-fedora-gcc | 0.44 | 85.21 | OK | |||
r-devel-windows-ix86+x86_64 | 0.44 | 9.00 | 106.00 | 115.00 | OK | |
r-patched-linux-x86_64 | 0.44 | 2.82 | 77.81 | 80.63 | OK | |
r-patched-solaris-x86 | 0.44 | 109.50 | OK | |||
r-release-linux-x86_64 | 0.44 | 2.59 | 82.44 | 85.03 | OK | |
r-release-windows-ix86+x86_64 | 0.44 | 6.00 | 92.00 | 98.00 | OK | |
r-release-osx-x86_64 | 0.44 | NOTE | ||||
r-oldrel-windows-ix86+x86_64 | 0.44 | 8.00 | 122.00 | 130.00 | OK | |
r-oldrel-osx-x86_64 | 0.44 | OK |
Version: 0.44
Check: package dependencies
Result: NOTE
Package suggested but not available for checking: ‘meteoForecast’
Flavor: r-release-osx-x86_64