Last updated on 2017-12-20 00:47:20 CET.
Flavor | Version | Tinstall | Tcheck | Ttotal | Status | Flags |
---|---|---|---|---|---|---|
r-devel-linux-x86_64-debian-clang | 1.0.0 | 3.70 | 46.22 | 49.92 | OK | |
r-devel-linux-x86_64-debian-gcc | 1.0.0 | OK | ||||
r-devel-linux-x86_64-fedora-clang | 1.0.0 | 71.48 | NOTE | |||
r-devel-linux-x86_64-fedora-gcc | 1.0.0 | 73.01 | NOTE | |||
r-devel-windows-ix86+x86_64 | 1.0.0 | 11.00 | 63.00 | 74.00 | OK | |
r-patched-linux-x86_64 | 1.0.0 | 3.82 | 57.01 | 60.83 | OK | |
r-patched-solaris-x86 | 1.0.0 | 124.00 | OK | |||
r-release-linux-x86_64 | 1.0.0 | 3.59 | 56.98 | 60.57 | OK | |
r-release-windows-ix86+x86_64 | 1.0.0 | 7.00 | 61.00 | 68.00 | OK | |
r-release-osx-x86_64 | 1.0.0 | OK | ||||
r-oldrel-windows-ix86+x86_64 | 1.0.0 | 12.00 | 78.00 | 90.00 | OK | |
r-oldrel-osx-x86_64 | 1.0.0 | OK |
Version: 1.0.0
Check: DESCRIPTION meta-information
Result: NOTE
Dependence on R version ‘3.3.2’ not with patchlevel 0
Flavors: r-devel-linux-x86_64-fedora-clang, r-devel-linux-x86_64-fedora-gcc