Last updated on 2017-12-20 00:47:20 CET.
Flavor | Version | Tinstall | Tcheck | Ttotal | Status | Flags |
---|---|---|---|---|---|---|
r-devel-linux-x86_64-debian-clang | 0.2.6.7 | 2.79 | 31.05 | 33.84 | NOTE | |
r-devel-linux-x86_64-debian-gcc | 0.2.6.8 | NOTE | ||||
r-devel-linux-x86_64-fedora-clang | 0.2.6.8 | 46.34 | NOTE | |||
r-devel-linux-x86_64-fedora-gcc | 0.2.6.8 | 46.55 | NOTE | |||
r-devel-windows-ix86+x86_64 | 0.2.6.8 | 9.00 | 59.00 | 68.00 | NOTE | |
r-patched-linux-x86_64 | 0.2.6.8 | 2.92 | 37.01 | 39.93 | NOTE | |
r-patched-solaris-x86 | 0.2.6.8 | 54.30 | NOTE | |||
r-release-linux-x86_64 | 0.2.6.8 | 2.88 | 35.25 | 38.13 | NOTE | |
r-release-windows-ix86+x86_64 | 0.2.6.7 | 7.00 | 42.00 | 49.00 | NOTE | |
r-release-osx-x86_64 | 0.2.6.8 | NOTE | ||||
r-oldrel-windows-ix86+x86_64 | 0.2.6.8 | 6.00 | 42.00 | 48.00 | NOTE | |
r-oldrel-osx-x86_64 | 0.2.6.8 | NOTE |
Version: 0.2.6.7
Check: package dependencies
Result: NOTE
Package suggested but not available for checking: ‘spDataLarge’
Flavors: r-devel-linux-x86_64-debian-clang, r-release-windows-ix86+x86_64
Version: 0.2.6.8
Check: package dependencies
Result: NOTE
Package suggested but not available for checking: ‘spDataLarge’
Flavors: r-devel-linux-x86_64-debian-gcc, r-devel-linux-x86_64-fedora-clang, r-devel-linux-x86_64-fedora-gcc, r-devel-windows-ix86+x86_64, r-patched-linux-x86_64, r-patched-solaris-x86, r-release-linux-x86_64, r-release-osx-x86_64, r-oldrel-windows-ix86+x86_64, r-oldrel-osx-x86_64
Version: 0.2.6.8
Check: installed package size
Result: NOTE
installed size is 6.5Mb
sub-directories of 1Mb or more:
data 2.6Mb
shapes 3.2Mb
Flavors: r-devel-linux-x86_64-fedora-clang, r-devel-linux-x86_64-fedora-gcc, r-devel-windows-ix86+x86_64, r-patched-solaris-x86, r-release-osx-x86_64, r-oldrel-windows-ix86+x86_64, r-oldrel-osx-x86_64
Version: 0.2.6.8
Check: data for non-ASCII characters
Result: NOTE
Note: found 283 marked UTF-8 strings
Flavors: r-devel-linux-x86_64-fedora-clang, r-devel-linux-x86_64-fedora-gcc, r-patched-solaris-x86, r-release-osx-x86_64, r-oldrel-osx-x86_64
Version: 0.2.6.7
Check: installed package size
Result: NOTE
installed size is 8.5Mb
sub-directories of 1Mb or more:
data 2.6Mb
shapes 5.2Mb
Flavor: r-release-windows-ix86+x86_64