CRAN Package Check Results for Package spTest

Last updated on 2017-12-20 00:47:21 CET.

Flavor Version Tinstall Tcheck Ttotal Status Flags
r-devel-linux-x86_64-debian-clang 0.2.4 1.76 111.46 113.22 OK
r-devel-linux-x86_64-debian-gcc 0.2.4 OK
r-devel-linux-x86_64-fedora-clang 0.2.4 145.80 NOTE
r-devel-linux-x86_64-fedora-gcc 0.2.4 144.25 NOTE
r-devel-windows-ix86+x86_64 0.2.4 7.00 185.00 192.00 OK
r-patched-linux-x86_64 0.2.4 1.86 123.97 125.83 OK
r-patched-solaris-x86 0.2.4 344.90 NOTE
r-release-linux-x86_64 0.2.4 1.91 131.53 133.44 OK
r-release-windows-ix86+x86_64 0.2.4 4.00 231.00 235.00 OK
r-release-osx-x86_64 0.2.4 NOTE
r-oldrel-windows-ix86+x86_64 0.2.4 5.00 231.00 236.00 OK
r-oldrel-osx-x86_64 0.2.4 NOTE

Check Details

Version: 0.2.4
Check: dependencies in R code
Result: NOTE
    Namespace in Imports field not imported from: ‘geoR’
     All declared Imports should be used.
Flavors: r-devel-linux-x86_64-fedora-clang, r-devel-linux-x86_64-fedora-gcc, r-patched-solaris-x86, r-release-osx-x86_64, r-oldrel-osx-x86_64

Version: 0.2.4
Check: re-building of vignette outputs
Result: NOTE
    Error in re-building vignettes:
     ...
     backsolve, forwardsolve
    
    Loading required package: maps
    --------------------------------------------------------------
     Analysis of Geostatistical Data
     For an Introduction to geoR go to http://www.leg.ufpr.br/geoR
     geoR version 1.7-5.2 (built on 2016-05-02) is now loaded
    --------------------------------------------------------------
    
    Error in texi2dvi(file = file, pdf = TRUE, clean = clean, quiet = quiet, :
     Running 'texi2dvi' on 'spTest-vig.tex' failed.
    LaTeX errors:
    ! LaTeX Error: File `tabu.sty' not found.
    
    Type X to quit or <RETURN> to proceed,
    or enter new name. (Default extension: sty)
    
    ! Emergency stop.
    <read *>
    
    l.9 \usepackage
     {hyperref}^^M
    ! ==> Fatal error occurred, no output PDF file produced!
    Calls: buildVignettes -> texi2pdf -> texi2dvi
    Execution halted
Flavor: r-release-osx-x86_64