Last updated on 2017-12-20 00:47:20 CET.
Flavor | Version | Tinstall | Tcheck | Ttotal | Status | Flags |
---|---|---|---|---|---|---|
r-devel-linux-x86_64-debian-clang | 1.5 | 2.64 | 65.39 | 68.03 | NOTE | |
r-devel-linux-x86_64-debian-gcc | 1.5 | NOTE | ||||
r-devel-linux-x86_64-fedora-clang | 1.5 | 94.54 | NOTE | |||
r-devel-linux-x86_64-fedora-gcc | 1.5 | 94.86 | NOTE | |||
r-devel-windows-ix86+x86_64 | 1.5 | 9.00 | 99.00 | 108.00 | OK | |
r-patched-linux-x86_64 | 1.5 | 2.54 | 74.43 | 76.97 | NOTE | |
r-patched-solaris-x86 | 1.5 | 119.80 | OK | |||
r-release-linux-x86_64 | 1.5 | 2.32 | 74.69 | 77.01 | NOTE | |
r-release-windows-ix86+x86_64 | 1.5 | 9.00 | 107.00 | 116.00 | OK | |
r-release-osx-x86_64 | 1.5 | OK | ||||
r-oldrel-windows-ix86+x86_64 | 1.5 | 12.00 | 131.00 | 143.00 | OK | |
r-oldrel-osx-x86_64 | 1.5 | OK |
Version: 1.5
Check: compiled code
Result: NOTE
File ‘spate/libs/spate.so’:
Found no calls to: ‘R_registerRoutines’, ‘R_useDynamicSymbols’
It is good practice to register native routines and to disable symbol
search.
See ‘Writing portable packages’ in the ‘Writing R Extensions’ manual.
Flavors: r-devel-linux-x86_64-debian-clang, r-devel-linux-x86_64-debian-gcc, r-devel-linux-x86_64-fedora-clang, r-devel-linux-x86_64-fedora-gcc, r-patched-linux-x86_64, r-release-linux-x86_64