CRAN Package Check Results for Package spgrass6

Last updated on 2017-12-20 00:47:20 CET.

Flavor Version Tinstall Tcheck Ttotal Status Flags
r-devel-linux-x86_64-debian-clang 0.8-9 1.97 36.19 38.16 OK
r-devel-linux-x86_64-debian-gcc 0.8-9 OK
r-devel-linux-x86_64-fedora-clang 0.8-9 46.70 OK
r-devel-linux-x86_64-fedora-gcc 0.8-9 47.65 OK
r-devel-windows-ix86+x86_64 0.8-9 7.00 50.00 57.00 OK
r-patched-linux-x86_64 0.8-9 2.05 43.44 45.49 OK
r-patched-solaris-x86 0.8-9 64.40 OK
r-release-linux-x86_64 0.8-9 1.96 41.58 43.54 OK
r-release-windows-ix86+x86_64 0.8-9 4.00 67.00 71.00 OK
r-release-osx-x86_64 0.8-9 NOTE
r-oldrel-windows-ix86+x86_64 0.8-9 4.00 57.00 61.00 OK
r-oldrel-osx-x86_64 0.8-9 NOTE

Check Details

Version: 0.8-9
Check: package dependencies
Result: NOTE
    Package suggested but not available for checking: ‘rgdal’
Flavors: r-release-osx-x86_64, r-oldrel-osx-x86_64