CRAN Package Check Results for Package sptemExp

Last updated on 2017-12-20 00:47:21 CET.

Flavor Version Tinstall Tcheck Ttotal Status Flags
r-devel-linux-x86_64-debian-clang 0.1.1 61.09 71.52 132.61 OK
r-devel-linux-x86_64-debian-gcc 0.1.1 OK
r-devel-linux-x86_64-fedora-clang 0.1.1 196.27 NOTE
r-devel-linux-x86_64-fedora-gcc 0.1.1 197.79 NOTE
r-devel-windows-ix86+x86_64 0.1.1 172.00 152.00 324.00 NOTE
r-patched-linux-x86_64 0.1.1 67.95 86.97 154.92 OK
r-release-linux-x86_64 0.1.1 68.37 88.27 156.64 OK
r-release-windows-ix86+x86_64 0.1.1 140.00 158.00 298.00 NOTE
r-release-osx-x86_64 0.1.1 NOTE
r-oldrel-windows-ix86+x86_64 0.1.1 176.00 198.00 374.00 NOTE
r-oldrel-osx-x86_64 0.1.1 NOTE

Check Details

Version: 0.1.1
Check: installed package size
Result: NOTE
     installed size is 16.1Mb
     sub-directories of 1Mb or more:
     data 3.4Mb
     libs 11.9Mb
Flavors: r-devel-linux-x86_64-fedora-clang, r-devel-linux-x86_64-fedora-gcc, r-devel-windows-ix86+x86_64, r-release-windows-ix86+x86_64, r-release-osx-x86_64, r-oldrel-windows-ix86+x86_64, r-oldrel-osx-x86_64

Version: 0.1.1
Check: dependencies in R code
Result: NOTE
    Namespaces in Imports field not imported from:
     ‘BayesX’ ‘BayesXsrc’ ‘automap’ ‘plyr’ ‘rgdal’ ‘splines’
     All declared Imports should be used.
Flavors: r-devel-linux-x86_64-fedora-clang, r-devel-linux-x86_64-fedora-gcc, r-release-osx-x86_64, r-oldrel-osx-x86_64