Last updated on 2017-12-20 00:47:22 CET.
Flavor | Version | Tinstall | Tcheck | Ttotal | Status | Flags |
---|---|---|---|---|---|---|
r-devel-linux-x86_64-debian-clang | 1.0.0 | 1.71 | 31.36 | 33.07 | NOTE | |
r-devel-linux-x86_64-debian-gcc | 1.0.0 | NOTE | ||||
r-devel-linux-x86_64-fedora-clang | 1.0.0 | 39.59 | NOTE | |||
r-devel-linux-x86_64-fedora-gcc | 1.0.0 | 40.24 | NOTE | |||
r-devel-windows-ix86+x86_64 | 1.0.0 | 6.00 | 43.00 | 49.00 | NOTE | |
r-patched-linux-x86_64 | 1.0.0 | 1.74 | 36.17 | 37.91 | NOTE | |
r-patched-solaris-x86 | 1.0.0 | 61.50 | NOTE | |||
r-release-linux-x86_64 | 1.0.0 | 1.97 | 35.32 | 37.29 | NOTE | |
r-release-windows-ix86+x86_64 | 1.0.0 | 4.00 | 41.00 | 45.00 | NOTE | |
r-release-osx-x86_64 | 1.0.0 | NOTE | ||||
r-oldrel-windows-ix86+x86_64 | 1.0.0 | 4.00 | 56.00 | 60.00 | NOTE | |
r-oldrel-osx-x86_64 | 1.0.0 | NOTE |
Version: 1.0.0
Check: DESCRIPTION meta-information
Result: NOTE
Malformed Title field: should not end in a period.
Flavors: r-devel-linux-x86_64-debian-clang, r-devel-linux-x86_64-debian-gcc, r-devel-linux-x86_64-fedora-clang, r-devel-linux-x86_64-fedora-gcc, r-devel-windows-ix86+x86_64, r-patched-linux-x86_64, r-patched-solaris-x86, r-release-linux-x86_64, r-release-windows-ix86+x86_64, r-release-osx-x86_64, r-oldrel-windows-ix86+x86_64, r-oldrel-osx-x86_64