Last updated on 2017-12-20 00:47:22 CET.
Flavor | Version | Tinstall | Tcheck | Ttotal | Status | Flags |
---|---|---|---|---|---|---|
r-devel-linux-x86_64-debian-clang | 1.1.6 | 68.27 | 38.06 | 106.33 | WARN | |
r-devel-linux-x86_64-debian-gcc | 1.1.6 | WARN | ||||
r-devel-linux-x86_64-fedora-clang | 1.1.6 | 189.11 | WARN | |||
r-devel-linux-x86_64-fedora-gcc | 1.1.6 | 147.32 | WARN | |||
r-devel-windows-ix86+x86_64 | 1.1.6 | 1043.00 | 88.00 | 1131.00 | NOTE | |
r-patched-linux-x86_64 | 1.1.6 | 69.46 | 39.20 | 108.66 | OK | |
r-patched-solaris-x86 | 1.1.6 | 618.70 | NOTE | |||
r-release-linux-x86_64 | 1.1.6 | 68.37 | 38.86 | 107.23 | OK | |
r-release-windows-ix86+x86_64 | 1.1.6 | 793.00 | 93.00 | 886.00 | NOTE | |
r-release-osx-x86_64 | 1.1.6 | NOTE | ||||
r-oldrel-windows-ix86+x86_64 | 1.1.6 | 991.00 | 128.00 | 1119.00 | NOTE | |
r-oldrel-osx-x86_64 | 1.1.6 | NOTE |
Version: 1.1.6
Check: pragmas in C/C++ headers and code
Result: WARN
File which contains pragma(s) suppressing important diagnostics:
‘src/icu55/i18n/decNumber.c’
Flavors: r-devel-linux-x86_64-debian-clang, r-devel-linux-x86_64-debian-gcc, r-devel-linux-x86_64-fedora-clang, r-devel-linux-x86_64-fedora-gcc
Version: 1.1.6
Check: installed package size
Result: NOTE
installed size is 5.5Mb
sub-directories of 1Mb or more:
libs 4.9Mb
Flavors: r-devel-linux-x86_64-fedora-clang, r-devel-linux-x86_64-fedora-gcc, r-devel-windows-ix86+x86_64, r-patched-solaris-x86, r-release-windows-ix86+x86_64, r-release-osx-x86_64, r-oldrel-windows-ix86+x86_64, r-oldrel-osx-x86_64