CRAN Package Check Results for Package survivalsvm

Last updated on 2017-12-20 00:47:22 CET.

Flavor Version Tinstall Tcheck Ttotal Status Flags
r-devel-linux-x86_64-debian-clang 0.0.3 3.90 54.22 58.12 OK
r-devel-linux-x86_64-debian-gcc 0.0.3 OK
r-devel-linux-x86_64-fedora-clang 0.0.3 83.22 NOTE
r-devel-linux-x86_64-fedora-gcc 0.0.3 86.08 NOTE
r-devel-windows-ix86+x86_64 0.0.3 10.00 70.00 80.00 OK
r-patched-linux-x86_64 0.0.3 3.85 65.07 68.92 OK
r-patched-solaris-x86 0.0.3 125.80 NOTE
r-release-linux-x86_64 0.0.3 3.92 65.10 69.02 OK
r-release-windows-ix86+x86_64 0.0.3 10.00 70.00 80.00 OK
r-release-osx-x86_64 0.0.3 NOTE
r-oldrel-windows-ix86+x86_64 0.0.3 13.00 91.00 104.00 OK
r-oldrel-osx-x86_64 0.0.3 NOTE

Check Details

Version: 0.0.3
Check: dependencies in R code
Result: NOTE
    Namespace in Imports field not imported from: ‘quadprog’
     All declared Imports should be used.
Flavors: r-devel-linux-x86_64-fedora-clang, r-devel-linux-x86_64-fedora-gcc, r-patched-solaris-x86, r-release-osx-x86_64, r-oldrel-osx-x86_64