Last updated on 2017-12-20 00:47:23 CET.
Flavor | Version | Tinstall | Tcheck | Ttotal | Status | Flags |
---|---|---|---|---|---|---|
r-devel-linux-x86_64-debian-clang | 1.0.8 | 1.71 | 41.30 | 43.01 | OK | |
r-devel-linux-x86_64-debian-gcc | 1.0.8 | OK | ||||
r-devel-linux-x86_64-fedora-clang | 1.0.8 | 53.34 | NOTE | |||
r-devel-linux-x86_64-fedora-gcc | 1.0.8 | 55.19 | NOTE | |||
r-devel-windows-ix86+x86_64 | 1.0.8 | 7.00 | 50.00 | 57.00 | OK | |
r-patched-linux-x86_64 | 1.0.8 | 1.54 | 43.83 | 45.37 | OK | |
r-patched-solaris-x86 | 1.0.8 | 73.00 | NOTE | |||
r-release-linux-x86_64 | 1.0.8 | 1.60 | 43.51 | 45.11 | OK | |
r-release-windows-ix86+x86_64 | 1.0.8 | 4.00 | 49.00 | 53.00 | OK | |
r-release-osx-x86_64 | 1.0.8 | NOTE | ||||
r-oldrel-windows-ix86+x86_64 | 1.0.8 | 3.00 | 63.00 | 66.00 | OK | |
r-oldrel-osx-x86_64 | 1.0.8 | NOTE |
Version: 1.0.8
Check: dependencies in R code
Result: NOTE
Namespaces in Imports field not imported from:
‘crayon’ ‘utils’
All declared Imports should be used.
Flavors: r-devel-linux-x86_64-fedora-clang, r-devel-linux-x86_64-fedora-gcc, r-patched-solaris-x86, r-release-osx-x86_64, r-oldrel-osx-x86_64