Last updated on 2017-12-20 00:47:23 CET.
Flavor | Version | Tinstall | Tcheck | Ttotal | Status | Flags |
---|---|---|---|---|---|---|
r-devel-linux-x86_64-debian-clang | 0.5.0 | 80.36 | 142.61 | 222.97 | NOTE | |
r-devel-linux-x86_64-debian-gcc | 0.5.0 | NOTE | ||||
r-devel-linux-x86_64-fedora-clang | 0.5.0 | 323.15 | NOTE | |||
r-devel-linux-x86_64-fedora-gcc | 0.5.0 | 328.26 | NOTE | |||
r-devel-windows-ix86+x86_64 | 0.5.0 | 247.00 | 249.00 | 496.00 | NOTE | |
r-patched-linux-x86_64 | 0.5.0 | 85.95 | 166.10 | 252.05 | NOTE | |
r-patched-solaris-x86 | 0.5.0 | 1180.30 | NOTE | |||
r-release-linux-x86_64 | 0.5.0 | 83.57 | 163.16 | 246.73 | NOTE | |
r-release-windows-ix86+x86_64 | 0.5.0 | 179.00 | 240.00 | 419.00 | NOTE | |
r-release-osx-x86_64 | 0.5.0 | NOTE | ||||
r-oldrel-windows-ix86+x86_64 | 0.5.0 | 179.00 | 293.00 | 472.00 | NOTE | |
r-oldrel-osx-x86_64 | 0.5.0 | NOTE |
Version: 0.5.0
Check: for GNU extensions in Makefiles
Result: NOTE
GNU make is a SystemRequirements.
Flavors: r-devel-linux-x86_64-debian-clang, r-devel-linux-x86_64-debian-gcc, r-devel-linux-x86_64-fedora-clang, r-devel-linux-x86_64-fedora-gcc, r-devel-windows-ix86+x86_64, r-patched-linux-x86_64, r-patched-solaris-x86, r-release-linux-x86_64, r-release-windows-ix86+x86_64, r-release-osx-x86_64, r-oldrel-windows-ix86+x86_64, r-oldrel-osx-x86_64
Version: 0.5.0
Check: installed package size
Result: NOTE
installed size is 11.7Mb
sub-directories of 1Mb or more:
data 2.7Mb
doc 3.5Mb
libs 5.2Mb
Flavors: r-devel-linux-x86_64-fedora-clang, r-devel-linux-x86_64-fedora-gcc, r-devel-windows-ix86+x86_64, r-patched-solaris-x86, r-release-windows-ix86+x86_64, r-release-osx-x86_64, r-oldrel-windows-ix86+x86_64, r-oldrel-osx-x86_64
Version: 0.5.0
Check: dependencies in R code
Result: NOTE
Namespace in Imports field not imported from: ‘irlba’
All declared Imports should be used.
Flavors: r-devel-linux-x86_64-fedora-clang, r-devel-linux-x86_64-fedora-gcc, r-patched-solaris-x86, r-release-osx-x86_64, r-oldrel-osx-x86_64