Last updated on 2017-12-20 00:47:23 CET.
Flavor | Version | Tinstall | Tcheck | Ttotal | Status | Flags |
---|---|---|---|---|---|---|
r-devel-linux-x86_64-debian-clang | 1.2.2 | 2.14 | 33.13 | 35.27 | OK | |
r-devel-linux-x86_64-debian-gcc | 1.2.2 | OK | ||||
r-devel-linux-x86_64-fedora-clang | 1.2.2 | 46.03 | NOTE | |||
r-devel-linux-x86_64-fedora-gcc | 1.2.2 | 48.44 | NOTE | |||
r-devel-windows-ix86+x86_64 | 1.2.2 | 8.00 | 53.00 | 61.00 | OK | |
r-patched-linux-x86_64 | 1.2.2 | 2.39 | 37.46 | 39.85 | OK | |
r-patched-solaris-x86 | 1.2.2 | 64.70 | NOTE | |||
r-release-linux-x86_64 | 1.2.2 | 2.07 | 37.83 | 39.90 | OK | |
r-release-windows-ix86+x86_64 | 1.2.2 | 4.00 | 54.00 | 58.00 | OK | |
r-release-osx-x86_64 | 1.2.2 | NOTE | ||||
r-oldrel-windows-ix86+x86_64 | 1.2.2 | 4.00 | 61.00 | 65.00 | ERROR | |
r-oldrel-osx-x86_64 | 1.2.2 | NOTE |
Version: 1.2.2
Check: dependencies in R code
Result: NOTE
Namespace in Imports field not imported from: ‘testthat’
All declared Imports should be used.
Flavors: r-devel-linux-x86_64-fedora-clang, r-devel-linux-x86_64-fedora-gcc, r-patched-solaris-x86, r-release-osx-x86_64, r-oldrel-osx-x86_64
Version: 1.2.2
Check: tests
Result: ERROR
Running 'testthat.R' [5s]
Running the tests in 'tests/testthat.R' failed.
Last 13 lines of output:
14: function_list[[k]](value)
15: xml2::read_xml(.)
16: read_xml.response(.)
17: xml2::read_xml(content, encoding = encoding, base_url = base_url, as_html = as_html,
option = options, ...)
18: read_xml.raw(content, encoding = encoding, base_url = base_url, as_html = as_html,
option = options, ...)
19: doc_parse_raw(x, encoding = encoding, base_url = base_url, as_html = as_html, options = options)
== testthat results ===========================================================
OK: 1 SKIPPED: 0 FAILED: 1
1. Error: tidyfeed returns a data_frame (@test.feeds.R#11)
Error: testthat unit tests failed
Execution halted
Flavor: r-oldrel-windows-ix86+x86_64