Last updated on 2017-12-20 00:47:23 CET.
Flavor | Version | Tinstall | Tcheck | Ttotal | Status | Flags |
---|---|---|---|---|---|---|
r-devel-linux-x86_64-debian-clang | 1.9.1 | 31.13 | 104.17 | 135.30 | NOTE | |
r-devel-linux-x86_64-debian-gcc | 1.9.1 | NOTE | ||||
r-devel-linux-x86_64-fedora-clang | 1.9.1 | 181.00 | NOTE | |||
r-devel-linux-x86_64-fedora-gcc | 1.9.1 | 192.88 | NOTE | |||
r-devel-windows-ix86+x86_64 | 1.9.1 | 111.00 | 170.00 | 281.00 | OK | |
r-patched-linux-x86_64 | 1.9.1 | 32.77 | 131.52 | 164.29 | NOTE | |
r-patched-solaris-x86 | 1.9.1 | 310.30 | NOTE | |||
r-release-linux-x86_64 | 1.9.1 | 34.54 | 130.37 | 164.91 | NOTE | |
r-release-windows-ix86+x86_64 | 1.9.1 | 75.00 | 184.00 | 259.00 | OK | |
r-release-osx-x86_64 | 1.9.1 | OK | ||||
r-oldrel-windows-ix86+x86_64 | 1.9.1 | 111.00 | 195.00 | 306.00 | OK | |
r-oldrel-osx-x86_64 | 1.9.1 | OK |
Version: 1.9.1
Check: S3 generic/method consistency
Result: NOTE
Found the following apparent S3 methods exported but not registered:
[.Event
See section ‘Registering S3 methods’ in the ‘Writing R Extensions’
manual.
Flavors: r-devel-linux-x86_64-debian-clang, r-devel-linux-x86_64-debian-gcc, r-devel-linux-x86_64-fedora-clang, r-devel-linux-x86_64-fedora-gcc, r-patched-linux-x86_64, r-patched-solaris-x86, r-release-linux-x86_64