Last updated on 2017-12-20 00:47:24 CET.
Flavor | Version | Tinstall | Tcheck | Ttotal | Status | Flags |
---|---|---|---|---|---|---|
r-devel-linux-x86_64-debian-clang | 1.5.0 | 15.19 | 107.23 | 122.42 | OK | |
r-devel-linux-x86_64-debian-gcc | 1.5.0 | OK | ||||
r-devel-linux-x86_64-fedora-clang | 1.5.0 | 170.48 | OK | |||
r-devel-linux-x86_64-fedora-gcc | 1.5.0 | 177.46 | OK | |||
r-devel-windows-ix86+x86_64 | 1.5.0 | 25.00 | 147.00 | 172.00 | OK | |
r-patched-linux-x86_64 | 1.5.0 | 15.96 | 135.87 | 151.83 | OK | |
r-patched-solaris-x86 | 1.5.0 | 261.50 | OK | |||
r-release-linux-x86_64 | 1.5.0 | 17.42 | 133.37 | 150.79 | OK | |
r-release-windows-ix86+x86_64 | 1.5.0 | 23.00 | 152.00 | 175.00 | OK | |
r-release-osx-x86_64 | 1.5.0 | WARN | ||||
r-oldrel-windows-ix86+x86_64 | 1.5.0 | 35.00 | 196.00 | 231.00 | OK | |
r-oldrel-osx-x86_64 | 1.5.0 | OK |
Version: 1.5.0
Check: package dependencies
Result: NOTE
Package suggested but not available for checking: ‘rgdal’
Flavor: r-release-osx-x86_64
Version: 1.5.0
Check: Rd cross-references
Result: NOTE
Package unavailable to check Rd xrefs: ‘rgdal’
Flavor: r-release-osx-x86_64
Version: 1.5.0
Check: re-building of vignette outputs
Result: WARN
Error in re-building vignettes:
...
Warning in engine$weave(file, quiet = quiet, encoding = enc) :
Pandoc (>= 1.12.3) and/or pandoc-citeproc not available. Falling back to R Markdown v1.
Quitting from lines 62-71 (trip.Rmd)
Error: processing vignette 'trip.Rmd' failed with diagnostics:
there is no package called 'rgdal'
Execution halted
Flavor: r-release-osx-x86_64