Last updated on 2017-12-20 00:47:25 CET.
Flavor | Version | Tinstall | Tcheck | Ttotal | Status | Flags |
---|---|---|---|---|---|---|
r-devel-linux-x86_64-debian-clang | 0.1.0 | 0.62 | 28.09 | 28.71 | OK | |
r-devel-linux-x86_64-debian-gcc | 0.1.0 | OK | ||||
r-devel-linux-x86_64-fedora-clang | 0.1.0 | 38.46 | NOTE | |||
r-devel-linux-x86_64-fedora-gcc | 0.1.0 | 38.80 | NOTE | |||
r-devel-windows-ix86+x86_64 | 0.1.0 | 5.00 | 43.00 | 48.00 | NOTE | |
r-patched-linux-x86_64 | 0.1.0 | 0.76 | 29.85 | 30.61 | OK | |
r-patched-solaris-x86 | 0.1.0 | 95.20 | NOTE | |||
r-release-linux-x86_64 | 0.1.0 | 0.82 | 29.64 | 30.46 | OK | |
r-release-windows-ix86+x86_64 | 0.1.0 | 2.00 | 40.00 | 42.00 | NOTE | |
r-release-osx-x86_64 | 0.1.0 | NOTE | ||||
r-oldrel-windows-ix86+x86_64 | 0.1.0 | 3.00 | 48.00 | 51.00 | NOTE | |
r-oldrel-osx-x86_64 | 0.1.0 | NOTE |
Version: 0.1.0
Check: dependencies in R code
Result: NOTE
Namespace in Imports field not imported from: ‘mcmcplots’
All declared Imports should be used.
Flavors: r-devel-linux-x86_64-fedora-clang, r-devel-linux-x86_64-fedora-gcc, r-patched-solaris-x86, r-release-osx-x86_64, r-oldrel-osx-x86_64
Version: 0.1.0
Check: package dependencies
Result: NOTE
Package suggested but not available for checking: 'doMC'
Flavors: r-devel-windows-ix86+x86_64, r-release-windows-ix86+x86_64, r-oldrel-windows-ix86+x86_64