Last updated on 2017-12-20 00:47:25 CET.
Flavor | Version | Tinstall | Tcheck | Ttotal | Status | Flags |
---|---|---|---|---|---|---|
r-devel-linux-x86_64-debian-clang | 1.3-0 | 2.94 | 45.51 | 48.45 | NOTE | |
r-devel-linux-x86_64-debian-gcc | 1.3-0 | NOTE | ||||
r-devel-linux-x86_64-fedora-clang | 1.3-0 | 60.38 | NOTE | |||
r-devel-linux-x86_64-fedora-gcc | 1.3-0 | 58.41 | NOTE | |||
r-devel-windows-ix86+x86_64 | 1.3-0 | 16.00 | 73.00 | 89.00 | OK | |
r-patched-linux-x86_64 | 1.3-0 | 3.45 | 53.44 | 56.89 | NOTE | |
r-patched-solaris-x86 | 1.3-0 | 75.60 | OK | |||
r-release-linux-x86_64 | 1.3-0 | 3.73 | 54.27 | 58.00 | NOTE | |
r-release-windows-ix86+x86_64 | 1.3-0 | 9.00 | 92.00 | 101.00 | OK | |
r-release-osx-x86_64 | 1.3-0 | OK | ||||
r-oldrel-windows-ix86+x86_64 | 1.3-0 | 9.00 | 77.00 | 86.00 | OK | |
r-oldrel-osx-x86_64 | 1.3-0 | OK |
Version: 1.3-0
Check: compiled code
Result: NOTE
File ‘urca/libs/urca.so’:
Found no calls to: ‘R_registerRoutines’, ‘R_useDynamicSymbols’
It is good practice to register native routines and to disable symbol
search.
See ‘Writing portable packages’ in the ‘Writing R Extensions’ manual.
Flavors: r-devel-linux-x86_64-debian-clang, r-devel-linux-x86_64-debian-gcc, r-devel-linux-x86_64-fedora-clang, r-devel-linux-x86_64-fedora-gcc, r-patched-linux-x86_64, r-release-linux-x86_64