Last updated on 2017-12-20 00:47:25 CET.
Flavor | Version | Tinstall | Tcheck | Ttotal | Status | Flags |
---|---|---|---|---|---|---|
r-devel-linux-x86_64-debian-clang | 1.0.4 | 0.80 | 13.83 | 14.63 | NOTE | |
r-devel-linux-x86_64-debian-gcc | 1.0.4 | NOTE | ||||
r-devel-linux-x86_64-fedora-clang | 1.0.4 | 19.66 | NOTE | |||
r-devel-linux-x86_64-fedora-gcc | 1.0.4 | 19.25 | NOTE | |||
r-devel-windows-ix86+x86_64 | 1.0.4 | 3.00 | 24.00 | 27.00 | NOTE | |
r-patched-linux-x86_64 | 1.0.4 | 0.92 | 13.90 | 14.82 | NOTE | |
r-patched-solaris-x86 | 1.0.4 | 26.90 | NOTE | |||
r-release-linux-x86_64 | 1.0.4 | 0.99 | 13.83 | 14.82 | NOTE | |
r-release-windows-ix86+x86_64 | 1.0.4 | 3.00 | 24.00 | 27.00 | NOTE | |
r-release-osx-x86_64 | 1.0.4 | NOTE | ||||
r-oldrel-windows-ix86+x86_64 | 1.0.4 | 2.00 | 32.00 | 34.00 | NOTE | |
r-oldrel-osx-x86_64 | 1.0.4 | NOTE |
Version: 1.0.4
Check: package dependencies
Result: NOTE
Packages suggested but not available for checking: ‘vaers’ ‘vaersND’
Flavors: r-devel-linux-x86_64-debian-clang, r-devel-linux-x86_64-debian-gcc, r-devel-linux-x86_64-fedora-clang, r-devel-linux-x86_64-fedora-gcc, r-devel-windows-ix86+x86_64, r-patched-linux-x86_64, r-patched-solaris-x86, r-release-linux-x86_64, r-release-windows-ix86+x86_64, r-oldrel-windows-ix86+x86_64, r-oldrel-osx-x86_64
Version: 1.0.4
Check: package dependencies
Result: NOTE
Packages suggested but not available for checking:
‘vaers’ ‘vaersND’ ‘devtools’
Flavor: r-release-osx-x86_64