Last updated on 2017-12-20 00:47:25 CET.
Flavor | Version | Tinstall | Tcheck | Ttotal | Status | Flags |
---|---|---|---|---|---|---|
r-devel-linux-x86_64-debian-clang | 0.3.1 | 157.58 | 105.98 | 263.56 | OK | |
r-devel-linux-x86_64-debian-gcc | 0.3.1 | OK | ||||
r-devel-linux-x86_64-fedora-clang | 0.3.1 | 377.50 | NOTE | |||
r-devel-linux-x86_64-fedora-gcc | 0.3.1 | 386.15 | NOTE | |||
r-devel-windows-ix86+x86_64 | 0.3.1 | 457.00 | 207.00 | 664.00 | OK | |
r-patched-linux-x86_64 | 0.3.1 | 169.36 | 120.58 | 289.94 | OK | |
r-patched-solaris-x86 | 0.3.1 | 398.90 | NOTE | |||
r-release-linux-x86_64 | 0.3.1 | 164.67 | 120.17 | 284.84 | OK | |
r-release-windows-ix86+x86_64 | 0.3.1 | 335.00 | 218.00 | 553.00 | OK | |
r-release-osx-x86_64 | 0.3.1 | NOTE | ||||
r-oldrel-windows-ix86+x86_64 | 0.3.1 | 471.00 | 265.00 | 736.00 | OK | |
r-oldrel-osx-x86_64 | 0.3.1 | NOTE |
Version: 0.3.1
Check: installed package size
Result: NOTE
installed size is 13.9Mb
sub-directories of 1Mb or more:
libs 12.5Mb
Flavors: r-devel-linux-x86_64-fedora-clang, r-devel-linux-x86_64-fedora-gcc, r-release-osx-x86_64, r-oldrel-osx-x86_64
Version: 0.3.1
Check: package dependencies
Result: NOTE
Package suggested but not available for checking: ‘microbenchmark’
Flavor: r-patched-solaris-x86
Version: 0.3.1
Check: package dependencies
Result: NOTE
Package suggested but not available for checking: ‘GenomicRanges’
Flavor: r-release-osx-x86_64