Last updated on 2017-12-20 00:47:25 CET.
Flavor | Version | Tinstall | Tcheck | Ttotal | Status | Flags |
---|---|---|---|---|---|---|
r-devel-linux-x86_64-debian-clang | 1.1 | 1.44 | 23.30 | 24.74 | NOTE | |
r-devel-linux-x86_64-debian-gcc | 1.1 | NOTE | ||||
r-devel-linux-x86_64-fedora-clang | 1.1 | 30.32 | NOTE | |||
r-devel-linux-x86_64-fedora-gcc | 1.1 | 31.59 | NOTE | |||
r-devel-windows-ix86+x86_64 | 1.1 | 8.00 | 37.00 | 45.00 | NOTE | |
r-patched-linux-x86_64 | 1.1 | 1.64 | 26.48 | 28.12 | NOTE | |
r-patched-solaris-x86 | 1.1 | 46.70 | NOTE | |||
r-release-linux-x86_64 | 1.1 | 1.43 | 26.03 | 27.46 | NOTE | |
r-release-windows-ix86+x86_64 | 1.1 | 4.00 | 51.00 | 55.00 | NOTE | |
r-release-osx-x86_64 | 1.1 | NOTE | ||||
r-oldrel-windows-ix86+x86_64 | 1.1 | 4.00 | 45.00 | 49.00 | NOTE | |
r-oldrel-osx-x86_64 | 1.1 | NOTE |
Version: 1.1
Check: R code for possible problems
Result: NOTE
calculateParameters,AffineTransformation: no visible global function
definition for ‘lm’
calculateParameters,AffineTransformation: no visible global function
definition for ‘coef’
calculateParameters,SimilarityTransformation: no visible global
function definition for ‘lm’
calculateParameters,SimilarityTransformation: no visible global
function definition for ‘coef’
plotGridTransformation,Cartesian2DCoordinateTransformation: no visible
global function definition for ‘points’
plotGridTransformation,Cartesian2DCoordinateTransformation: no visible
global function definition for ‘legend’
Undefined global functions or variables:
coef legend lm points
Consider adding
importFrom("graphics", "legend", "points")
importFrom("stats", "coef", "lm")
to your NAMESPACE file.
Flavors: r-devel-linux-x86_64-debian-clang, r-devel-linux-x86_64-debian-gcc, r-devel-linux-x86_64-fedora-clang, r-devel-linux-x86_64-fedora-gcc, r-devel-windows-ix86+x86_64, r-patched-linux-x86_64, r-patched-solaris-x86, r-release-linux-x86_64, r-release-windows-ix86+x86_64, r-release-osx-x86_64, r-oldrel-windows-ix86+x86_64, r-oldrel-osx-x86_64