CRAN Package Check Results for Package vegdata

Last updated on 2017-12-20 00:47:25 CET.

Flavor Version Tinstall Tcheck Ttotal Status Flags
r-devel-linux-x86_64-debian-clang 0.9.1 1.47 50.07 51.54 OK
r-devel-linux-x86_64-debian-gcc 0.9.1 WARN
r-devel-linux-x86_64-fedora-clang 0.9.1 65.61 OK
r-devel-linux-x86_64-fedora-gcc 0.9.1 66.60 OK
r-devel-windows-ix86+x86_64 0.9.1 7.00 74.00 81.00 OK
r-patched-linux-x86_64 0.9.1 1.89 53.44 55.33 OK
r-patched-solaris-x86 0.9.1 57.50 OK --no-vignettes
r-release-linux-x86_64 0.9.1 1.66 54.08 55.74 OK
r-release-windows-ix86+x86_64 0.9.1 5.00 75.00 80.00 OK
r-release-osx-x86_64 0.9.1 OK
r-oldrel-windows-ix86+x86_64 0.9.1 4.00 92.00 96.00 OK
r-oldrel-osx-x86_64 0.9.1 OK

Check Details

Version: 0.9.1
Check: re-building of vignette outputs
Result: WARN
    Error in re-building vignettes:
     ...
    trying URL ‘https://germansl.infinitenature.org/GermanSL/latest/GermanSL.zip’
    Content type 'application/zip' length 3092316 bytes (2.9 MB)
    ==================================================
    downloaded 2.9 MB
    
    Warning in unzip(tfile, exdir = file.path(tv_home, "Species")) :
     error -1 in extracting from zip file
    Quitting from lines 143-144 (vegdata.Rnw)
    Error: processing vignette ‘vegdata.Rnw’ failed with diagnostics:
    Reference list file /tmp/RtmpCwdEqd/Species/GermanSL 1.3/species.dbf does not exist.
    Execution halted
    rm: cannot remove '/tmp/RtmpCwdEqd/Species/TaxrefExample.zip': Permission denied
    rm: cannot remove '/tmp/RtmpCwdEqd/Species/README': Permission denied
    rm: cannot remove '/tmp/RtmpCwdEqd/Data/taxatest/metadata.txt': Permission denied
    rm: cannot remove '/tmp/RtmpCwdEqd/Data/taxatest/remarks.dbf': Permission denied
    rm: cannot remove '/tmp/RtmpCwdEqd/Data/taxatest/tvhabita.dbf': Permission denied
    rm: cannot remove '/tmp/RtmpCwdEqd/Data/taxatest/tvwin.dbf': Permission denied
    rm: cannot remove '/tmp/RtmpCwdEqd/Data/taxatest/tvabund.dbf': Permission denied
    rm: cannot remove '/tmp/RtmpCwdEqd/Data/taxatest/tvwin.set': Permission denied
    rm: cannot remove '/tmp/RtmpCwdEqd/Data/taxatest/TvAdmin.dbf': Permission denied
    rm: cannot remove '/tmp/RtmpCwdEqd/Data/elbaue.xml': Permission denied
    rm: cannot remove '/tmp/RtmpCwdEqd/Data/elbaue/metadata.txt': Permission denied
    rm: cannot remove '/tmp/RtmpCwdEqd/Data/elbaue/remarks.dbf': Permission denied
    rm: cannot remove '/tmp/RtmpCwdEqd/Data/elbaue/tvhabita.dbf': Permission denied
    rm: cannot remove '/tmp/RtmpCwdEqd/Data/elbaue/tvwin.dbf': Permission denied
    rm: cannot remove '/tmp/RtmpCwdEqd/Data/elbaue/tvabund.dbf': Permission denied
    rm: cannot remove '/tmp/RtmpCwdEqd/Data/elbaue/tvwin.set': Permission denied
    rm: cannot remove '/tmp/RtmpCwdEqd/Data/elbaue/TvAdmin.dbf': Permission denied
    rm: cannot remove '/tmp/RtmpCwdEqd/Popup/tvrefenc.dbf': Permission denied
    rm: cannot remove '/tmp/RtmpCwdEqd/Popup/tvscale.dbf': Permission denied
Flavor: r-devel-linux-x86_64-debian-gcc