Last updated on 2017-12-20 00:47:25 CET.
Flavor | Version | Tinstall | Tcheck | Ttotal | Status | Flags |
---|---|---|---|---|---|---|
r-devel-linux-x86_64-debian-clang | 0.1.0 | 10.19 | 117.54 | 127.73 | OK | |
r-devel-linux-x86_64-debian-gcc | 0.1.0 | OK | ||||
r-devel-linux-x86_64-fedora-clang | 0.1.0 | 180.28 | NOTE | |||
r-devel-linux-x86_64-fedora-gcc | 0.1.0 | 193.43 | NOTE | |||
r-devel-windows-ix86+x86_64 | 0.1.0 | 23.00 | 151.00 | 174.00 | OK | |
r-patched-linux-x86_64 | 0.1.0 | 12.43 | 150.76 | 163.19 | OK | |
r-patched-solaris-x86 | 0.1.0 | 314.10 | NOTE | |||
r-release-linux-x86_64 | 0.1.0 | 12.61 | 152.17 | 164.78 | OK | |
r-release-windows-ix86+x86_64 | 0.1.0 | 22.00 | 144.00 | 166.00 | OK | |
r-release-osx-x86_64 | 0.1.0 | NOTE | ||||
r-oldrel-windows-ix86+x86_64 | 0.1.0 | 43.00 | 207.00 | 250.00 | OK | |
r-oldrel-osx-x86_64 | 0.1.0 | NOTE |
Version: 0.1.0
Check: data for non-ASCII characters
Result: NOTE
Note: found 124 marked UTF-8 strings
Flavors: r-devel-linux-x86_64-fedora-clang, r-devel-linux-x86_64-fedora-gcc, r-patched-solaris-x86, r-release-osx-x86_64, r-oldrel-osx-x86_64