Last updated on 2017-12-20 00:47:26 CET.
Flavor | Version | Tinstall | Tcheck | Ttotal | Status | Flags |
---|---|---|---|---|---|---|
r-devel-linux-x86_64-debian-clang | 4.6.8 | 11.35 | 90.82 | 102.17 | NOTE | |
r-devel-linux-x86_64-debian-gcc | 4.6.8 | NOTE | ||||
r-devel-linux-x86_64-fedora-clang | 4.6.8 | 125.80 | NOTE | |||
r-devel-linux-x86_64-fedora-gcc | 4.6.8 | 127.67 | NOTE | |||
r-devel-windows-ix86+x86_64 | 4.6.8 | 35.00 | 120.00 | 155.00 | OK | |
r-patched-linux-x86_64 | 4.6.8 | 10.28 | 102.45 | 112.73 | NOTE | |
r-patched-solaris-x86 | 4.6.8 | 149.90 | OK | |||
r-release-linux-x86_64 | 4.6.8 | 10.18 | 102.34 | 112.52 | NOTE | |
r-release-windows-ix86+x86_64 | 4.6.8 | 26.00 | 150.00 | 176.00 | OK | |
r-release-osx-x86_64 | 4.6.8 | OK | ||||
r-oldrel-windows-ix86+x86_64 | 4.6.8 | 27.00 | 139.00 | 166.00 | OK | |
r-oldrel-osx-x86_64 | 4.6.8 | OK |
Version: 4.6.8
Check: compiled code
Result: NOTE
File ‘wavethresh/libs/wavethresh.so’:
Found no calls to: ‘R_registerRoutines’, ‘R_useDynamicSymbols’
It is good practice to register native routines and to disable symbol
search.
See ‘Writing portable packages’ in the ‘Writing R Extensions’ manual.
Flavors: r-devel-linux-x86_64-debian-clang, r-devel-linux-x86_64-debian-gcc, r-devel-linux-x86_64-fedora-clang, r-devel-linux-x86_64-fedora-gcc, r-patched-linux-x86_64, r-release-linux-x86_64